CRAN Package Check Results for Package ggpolypath

Last updated on 2025-02-19 09:50:50 CET.

Flavor Version Tinstall Tcheck Ttotal Status Flags
r-devel-linux-x86_64-debian-clang 0.3.0 4.65 44.76 49.41 NOTE
r-devel-linux-x86_64-debian-gcc 0.3.0 3.30 31.96 35.26 NOTE
r-devel-linux-x86_64-fedora-clang 0.3.0 76.22 OK
r-devel-linux-x86_64-fedora-gcc 0.3.0 86.79 OK
r-devel-macos-arm64 0.3.0 33.00 OK
r-devel-macos-x86_64 0.3.0 66.00 OK
r-devel-windows-x86_64 0.3.0 6.00 61.00 67.00 NOTE
r-patched-linux-x86_64 0.3.0 8.07 40.60 48.67 OK
r-release-linux-x86_64 0.3.0 3.32 41.18 44.50 OK
r-release-macos-arm64 0.3.0 31.00 OK
r-release-macos-x86_64 0.3.0 48.00 OK
r-release-windows-x86_64 0.3.0 6.00 67.00 73.00 OK
r-oldrel-macos-arm64 0.3.0 31.00 OK
r-oldrel-macos-x86_64 0.3.0 52.00 OK
r-oldrel-windows-x86_64 0.3.0 8.00 67.00 75.00 OK

Check Details

Version: 0.3.0
Check: Rd cross-references
Result: NOTE Found the following Rd file(s) with Rd \link{} targets missing package anchors: geom_polypath.Rd: geom_polygon, geom_map, geom_path, geom_ribbon Please provide package anchors for all Rd \link{} targets not in the package itself and the base packages. Flavors: r-devel-linux-x86_64-debian-clang, r-devel-linux-x86_64-debian-gcc, r-devel-windows-x86_64