Last updated on 2025-02-19 09:50:50 CET.
Flavor | Version | Tinstall | Tcheck | Ttotal | Status | Flags |
---|---|---|---|---|---|---|
r-devel-linux-x86_64-debian-clang | 0.4.0 | 7.55 | 101.15 | 108.70 | NOTE | |
r-devel-linux-x86_64-debian-gcc | 0.4.0 | 5.29 | 72.76 | 78.05 | NOTE | |
r-devel-linux-x86_64-fedora-clang | 0.4.0 | 165.58 | NOTE | |||
r-devel-linux-x86_64-fedora-gcc | 0.4.0 | 174.80 | NOTE | |||
r-devel-macos-arm64 | 0.4.0 | 56.00 | OK | |||
r-devel-macos-x86_64 | 0.4.0 | 109.00 | OK | |||
r-devel-windows-x86_64 | 0.4.0 | 11.00 | 110.00 | 121.00 | NOTE | |
r-patched-linux-x86_64 | 0.4.0 | 13.24 | 94.15 | 107.39 | NOTE | |
r-release-linux-x86_64 | 0.4.0 | 8.00 | 93.94 | 101.94 | NOTE | |
r-release-macos-arm64 | 0.4.0 | 50.00 | NOTE | |||
r-release-macos-x86_64 | 0.4.0 | 78.00 | NOTE | |||
r-release-windows-x86_64 | 0.4.0 | 10.00 | 104.00 | 114.00 | NOTE | |
r-oldrel-macos-arm64 | 0.4.0 | 61.00 | NOTE | |||
r-oldrel-macos-x86_64 | 0.4.0 | 89.00 | NOTE | |||
r-oldrel-windows-x86_64 | 0.4.0 | 13.00 | 142.00 | 155.00 | NOTE |
Version: 0.4.0
Check: Rd cross-references
Result: NOTE
Found the following Rd file(s) with Rd \link{} targets missing package
anchors:
geom_bkde.Rd: aes, aes_, ggplot, fortify, borders, layer,
geom_histogram, geom_freqpoly, geom_violin
geom_bkde2d.Rd: aes, aes_, ggplot, fortify, borders, layer,
stat_contour, geom_contour, stat_sum
geom_cartogram.Rd: aes, aes_, ggplot, fortify, layer, borders
geom_dumbbell.Rd: aes, aes_, ggplot, fortify, layer, borders
geom_lollipop.Rd: aes, aes_, ggplot, fortify, layer, borders
geom_stateface.Rd: aes, aes_, ggplot, fortify, layer, borders
geom_xspline.Rd: aes, aes_, ggplot, fortify, borders, layer
geom_xspline2.Rd: aes, aes_, ggplot, fortify, borders, layer
stat_ash.Rd: aes, aes_, ggplot, fortify, borders, layer
stat_stepribbon.Rd: aes, aes_, ggplot, fortify, borders, layer
Please provide package anchors for all Rd \link{} targets not in the
package itself and the base packages.
Flavors: r-devel-linux-x86_64-debian-clang, r-devel-linux-x86_64-debian-gcc, r-devel-windows-x86_64
Version: 0.4.0
Check: dependencies in R code
Result: NOTE
Namespace in Imports field not imported from: ‘plotly’
All declared Imports should be used.
Flavors: r-devel-linux-x86_64-fedora-clang, r-devel-linux-x86_64-fedora-gcc
Version: 0.4.0
Check: LazyData
Result: NOTE
'LazyData' is specified without a 'data' directory
Flavors: r-patched-linux-x86_64, r-release-linux-x86_64, r-release-macos-arm64, r-release-macos-x86_64, r-release-windows-x86_64, r-oldrel-macos-arm64, r-oldrel-macos-x86_64, r-oldrel-windows-x86_64