Last updated on 2025-02-19 09:50:50 CET.
Flavor | Version | Tinstall | Tcheck | Ttotal | Status | Flags |
---|---|---|---|---|---|---|
r-devel-linux-x86_64-debian-clang | 1.0.2 | 129.94 | 158.11 | 288.05 | NOTE | |
r-devel-linux-x86_64-debian-gcc | 1.0.2 | 112.35 | 122.69 | 235.04 | NOTE | |
r-devel-linux-x86_64-fedora-clang | 1.0.2 | 446.49 | NOTE | |||
r-devel-linux-x86_64-fedora-gcc | 1.0.2 | 570.64 | NOTE | |||
r-devel-macos-arm64 | 1.0.2 | 122.00 | NOTE | |||
r-devel-macos-x86_64 | 1.0.2 | 191.00 | NOTE | |||
r-devel-windows-x86_64 | 1.0.2 | 118.00 | 158.00 | 276.00 | NOTE | |
r-patched-linux-x86_64 | 1.0.2 | 149.38 | 167.23 | 316.61 | NOTE | |
r-release-linux-x86_64 | 1.0.2 | 155.10 | 163.40 | 318.50 | NOTE | |
r-release-macos-arm64 | 1.0.2 | 119.00 | NOTE | |||
r-release-macos-x86_64 | 1.0.2 | 148.00 | NOTE | |||
r-release-windows-x86_64 | 1.0.2 | 126.00 | 158.00 | 284.00 | NOTE | |
r-oldrel-macos-arm64 | 1.0.2 | 136.00 | NOTE | |||
r-oldrel-macos-x86_64 | 1.0.2 | 209.00 | NOTE | |||
r-oldrel-windows-x86_64 | 1.0.2 | 149.00 | 221.00 | 370.00 | NOTE |
Version: 1.0.2
Check: C++ specification
Result: NOTE
Specified C++11: please drop specification unless essential
Flavors: r-devel-linux-x86_64-debian-clang, r-devel-linux-x86_64-debian-gcc, r-devel-linux-x86_64-fedora-clang, r-devel-linux-x86_64-fedora-gcc, r-devel-macos-arm64, r-devel-macos-x86_64, r-devel-windows-x86_64, r-patched-linux-x86_64, r-release-linux-x86_64, r-release-macos-arm64, r-release-macos-x86_64, r-release-windows-x86_64, r-oldrel-macos-arm64, r-oldrel-macos-x86_64, r-oldrel-windows-x86_64
Version: 1.0.2
Check: Rd files
Result: NOTE
checkRd: (-1) gesso.cv.Rd:46: Lost braces in \itemize; \value handles \item{}{} directly
checkRd: (-1) gesso.cv.Rd:47: Lost braces in \itemize; \value handles \item{}{} directly
checkRd: (-1) gesso.cv.Rd:48: Lost braces in \itemize; \value handles \item{}{} directly
checkRd: (-1) gesso.cv.Rd:49: Lost braces in \itemize; \value handles \item{}{} directly
checkRd: (-1) gesso.cv.Rd:50: Lost braces in \itemize; \value handles \item{}{} directly
Flavors: r-devel-linux-x86_64-debian-clang, r-devel-linux-x86_64-debian-gcc, r-devel-linux-x86_64-fedora-clang, r-devel-linux-x86_64-fedora-gcc, r-devel-macos-arm64, r-devel-macos-x86_64, r-devel-windows-x86_64, r-patched-linux-x86_64, r-release-linux-x86_64, r-release-macos-arm64, r-release-macos-x86_64, r-release-windows-x86_64
Version: 1.0.2
Check: installed package size
Result: NOTE
installed size is 33.2Mb
sub-directories of 1Mb or more:
libs 32.9Mb
Flavors: r-release-macos-arm64, r-release-macos-x86_64, r-oldrel-macos-arm64, r-oldrel-macos-x86_64