Last updated on 2025-02-19 09:50:49 CET.
Flavor | Version | Tinstall | Tcheck | Ttotal | Status | Flags |
---|---|---|---|---|---|---|
r-devel-linux-x86_64-debian-clang | 1.1.2 | 16.04 | 46.34 | 62.38 | OK | |
r-devel-linux-x86_64-debian-gcc | 1.1.2 | 12.35 | 35.30 | 47.65 | OK | |
r-devel-linux-x86_64-fedora-clang | 1.1.2 | 112.18 | OK | |||
r-devel-linux-x86_64-fedora-gcc | 1.1.2 | 130.34 | OK | |||
r-devel-macos-arm64 | 1.1.2 | 51.00 | OK | |||
r-devel-macos-x86_64 | 1.1.2 | 128.00 | OK | |||
r-devel-windows-x86_64 | 1.1.2 | 23.00 | 92.00 | 115.00 | OK | |
r-patched-linux-x86_64 | 1.1.2 | 17.48 | 43.87 | 61.35 | OK | |
r-release-linux-x86_64 | 1.1.2 | 17.19 | 43.38 | 60.57 | OK | |
r-release-macos-arm64 | 1.1.2 | 48.00 | OK | |||
r-release-macos-x86_64 | 1.1.2 | 69.00 | OK | |||
r-release-windows-x86_64 | 1.1.2 | 24.00 | 93.00 | 117.00 | OK | |
r-oldrel-macos-arm64 | 1.1.2 | 43.00 | NOTE | |||
r-oldrel-macos-x86_64 | 1.1.2 | 73.00 | OK | |||
r-oldrel-windows-x86_64 | 1.1.2 | 27.00 | 104.00 | 131.00 | OK |
Version: 1.1.2
Check: package dependencies
Result: NOTE
Package suggested but not available for checking: ‘snpStats’
Flavor: r-oldrel-macos-arm64