CRAN Package Check Results for Package gemma2

Last updated on 2025-02-20 09:50:49 CET.

Flavor Version Tinstall Tcheck Ttotal Status Flags
r-devel-linux-x86_64-debian-clang 0.1.3 2.43 337.29 339.72 OK
r-devel-linux-x86_64-debian-gcc 0.1.3 1.80 204.95 206.75 OK
r-devel-linux-x86_64-fedora-clang 0.1.3 579.57 NOTE
r-devel-linux-x86_64-fedora-gcc 0.1.3 563.90 NOTE
r-devel-macos-arm64 0.1.3 115.00 OK
r-devel-macos-x86_64 0.1.3 272.00 OK
r-devel-windows-x86_64 0.1.3 5.00 296.00 301.00 OK
r-patched-linux-x86_64 0.1.3 2.55 312.90 315.45 NOTE
r-release-linux-x86_64 0.1.3 2.23 312.94 315.17 NOTE
r-release-macos-arm64 0.1.3 116.00 NOTE
r-release-macos-x86_64 0.1.3 198.00 NOTE
r-release-windows-x86_64 0.1.3 5.00 295.00 300.00 NOTE
r-oldrel-macos-arm64 0.1.3 127.00 NOTE
r-oldrel-macos-x86_64 0.1.3 233.00 NOTE
r-oldrel-windows-x86_64 0.1.3 5.00 355.00 360.00 NOTE

Check Details

Version: 0.1.3
Check: dependencies in R code
Result: NOTE Namespace in Imports field not imported from: ‘methods’ All declared Imports should be used. Flavors: r-devel-linux-x86_64-fedora-clang, r-devel-linux-x86_64-fedora-gcc

Version: 0.1.3
Check: LazyData
Result: NOTE 'LazyData' is specified without a 'data' directory Flavors: r-patched-linux-x86_64, r-release-linux-x86_64, r-release-macos-arm64, r-release-macos-x86_64, r-release-windows-x86_64, r-oldrel-macos-arm64, r-oldrel-macos-x86_64, r-oldrel-windows-x86_64