CRAN Package Check Results for Package gcmr

Last updated on 2025-02-20 09:50:49 CET.

Flavor Version Tinstall Tcheck Ttotal Status Flags
r-devel-linux-x86_64-debian-clang 1.0.3 8.13 61.69 69.82 NOTE
r-devel-linux-x86_64-debian-gcc 1.0.3 5.10 45.34 50.44 NOTE
r-devel-linux-x86_64-fedora-clang 1.0.3 110.36 NOTE
r-devel-linux-x86_64-fedora-gcc 1.0.3 106.02 NOTE
r-devel-macos-arm64 1.0.3 50.00 NOTE
r-devel-macos-x86_64 1.0.3 62.00 NOTE
r-devel-windows-x86_64 1.0.3 10.00 88.00 98.00 NOTE
r-patched-linux-x86_64 1.0.3 14.43 59.09 73.52 NOTE
r-release-linux-x86_64 1.0.3 7.50 57.92 65.42 NOTE
r-release-macos-arm64 1.0.3 35.00 NOTE
r-release-macos-x86_64 1.0.3 49.00 NOTE
r-release-windows-x86_64 1.0.3 10.00 81.00 91.00 NOTE
r-oldrel-macos-arm64 1.0.3 37.00 OK
r-oldrel-macos-x86_64 1.0.3 54.00 OK
r-oldrel-windows-x86_64 1.0.3 13.00 116.00 129.00 OK

Check Details

Version: 1.0.3
Check: Rd files
Result: NOTE checkRd: (-1) matern.cormat.Rd:17: Lost braces; missing escapes or markup? 17 | value of the shape parameter of the Matern correlation class. The default {alpha = 0.5} corresponds to an exponential correlation model. | ^ Flavors: r-devel-linux-x86_64-debian-clang, r-devel-linux-x86_64-debian-gcc, r-devel-linux-x86_64-fedora-clang, r-devel-linux-x86_64-fedora-gcc, r-devel-macos-arm64, r-devel-macos-x86_64, r-devel-windows-x86_64, r-patched-linux-x86_64, r-release-linux-x86_64, r-release-macos-arm64, r-release-macos-x86_64, r-release-windows-x86_64

Version: 1.0.3
Check: Rd cross-references
Result: NOTE Found the following Rd file(s) with Rd \link{} targets missing package anchors: cluster.cormat.Rd: nlme gcmr.Rd: betareg, Formula gs.marg.Rd: betareg plot.gcmr.Rd: qqPlot summary.gcmr.Rd: bread, estfun, sandwich Please provide package anchors for all Rd \link{} targets not in the package itself and the base packages. Flavors: r-devel-linux-x86_64-debian-clang, r-devel-linux-x86_64-debian-gcc, r-devel-windows-x86_64