Last updated on 2025-02-19 09:50:49 CET.
Flavor | Version | Tinstall | Tcheck | Ttotal | Status | Flags |
---|---|---|---|---|---|---|
r-devel-linux-x86_64-debian-clang | 1.0.1 | 28.18 | 91.07 | 119.25 | OK | |
r-devel-linux-x86_64-debian-gcc | 1.0.1 | 21.05 | 73.52 | 94.57 | OK | |
r-devel-linux-x86_64-fedora-clang | 1.0.1 | 194.18 | OK | |||
r-devel-linux-x86_64-fedora-gcc | 1.0.1 | 204.96 | OK | |||
r-devel-macos-arm64 | 1.0.1 | 75.00 | OK | |||
r-devel-macos-x86_64 | 1.0.1 | 137.00 | OK | |||
r-devel-windows-x86_64 | 1.0.1 | 30.00 | 122.00 | 152.00 | OK | |
r-patched-linux-x86_64 | 1.0.1 | 27.39 | 89.31 | 116.70 | NOTE | |
r-release-linux-x86_64 | 1.0.1 | 26.33 | 90.76 | 117.09 | NOTE | |
r-release-macos-arm64 | 1.0.1 | 74.00 | NOTE | |||
r-release-macos-x86_64 | 1.0.1 | 98.00 | NOTE | |||
r-release-windows-x86_64 | 1.0.1 | 30.00 | 123.00 | 153.00 | NOTE | |
r-oldrel-macos-arm64 | 1.0.1 | 81.00 | NOTE | |||
r-oldrel-macos-x86_64 | 1.0.1 | 113.00 | NOTE | |||
r-oldrel-windows-x86_64 | 1.0.1 | 37.00 | 171.00 | 208.00 | NOTE |
Version: 1.0.1
Check: LazyData
Result: NOTE
'LazyData' is specified without a 'data' directory
Flavors: r-patched-linux-x86_64, r-release-linux-x86_64, r-release-macos-arm64, r-release-macos-x86_64, r-release-windows-x86_64, r-oldrel-macos-arm64, r-oldrel-macos-x86_64, r-oldrel-windows-x86_64
Version: 1.0.1
Check: installed package size
Result: NOTE
installed size is 7.3Mb
sub-directories of 1Mb or more:
libs 7.1Mb
Flavors: r-release-macos-arm64, r-release-macos-x86_64, r-oldrel-macos-arm64