CRAN Package Check Results for Package funprog

Last updated on 2025-02-20 09:50:49 CET.

Flavor Version Tinstall Tcheck Ttotal Status Flags
r-devel-linux-x86_64-debian-clang 0.3.0 1.55 20.16 21.71 OK
r-devel-linux-x86_64-debian-gcc 0.3.0 1.44 15.85 17.29 OK
r-devel-linux-x86_64-fedora-clang 0.3.0 35.18 OK
r-devel-linux-x86_64-fedora-gcc 0.3.0 32.19 OK
r-devel-macos-arm64 0.3.0 13.00 OK
r-devel-macos-x86_64 0.3.0 29.00 OK
r-devel-windows-x86_64 0.3.0 2.00 46.00 48.00 OK
r-patched-linux-x86_64 0.3.0 1.90 18.92 20.82 NOTE
r-release-linux-x86_64 0.3.0 1.62 18.87 20.49 NOTE
r-release-macos-arm64 0.3.0 16.00 NOTE
r-release-macos-x86_64 0.3.0 24.00 NOTE
r-release-windows-x86_64 0.3.0 4.00 44.00 48.00 NOTE
r-oldrel-macos-arm64 0.3.0 16.00 NOTE
r-oldrel-macos-x86_64 0.3.0 21.00 NOTE
r-oldrel-windows-x86_64 0.3.0 3.00 50.00 53.00 NOTE

Check Details

Version: 0.3.0
Check: LazyData
Result: NOTE 'LazyData' is specified without a 'data' directory Flavors: r-patched-linux-x86_64, r-release-linux-x86_64, r-release-macos-arm64, r-release-macos-x86_64, r-release-windows-x86_64, r-oldrel-macos-arm64, r-oldrel-macos-x86_64, r-oldrel-windows-x86_64