CRAN Package Check Results for Package fontBitstreamVera

Last updated on 2025-02-19 09:50:49 CET.

Flavor Version Tinstall Tcheck Ttotal Status Flags
r-devel-linux-x86_64-debian-clang 0.1.1 1.24 7.89 9.13 OK
r-devel-linux-x86_64-debian-gcc 0.1.1 1.07 6.32 7.39 OK
r-devel-linux-x86_64-fedora-clang 0.1.1 14.36 OK
r-devel-linux-x86_64-fedora-gcc 0.1.1 13.91 OK
r-devel-macos-arm64 0.1.1 10.00 OK
r-devel-macos-x86_64 0.1.1 17.00 OK
r-devel-windows-x86_64 0.1.1 2.00 21.00 23.00 OK
r-patched-linux-x86_64 0.1.1 1.20 7.43 8.63 NOTE
r-release-linux-x86_64 0.1.1 1.11 7.47 8.58 NOTE
r-release-macos-arm64 0.1.1 15.00 NOTE
r-release-macos-x86_64 0.1.1 12.00 NOTE
r-release-windows-x86_64 0.1.1 3.00 18.00 21.00 NOTE
r-oldrel-macos-arm64 0.1.1 10.00 NOTE
r-oldrel-macos-x86_64 0.1.1 13.00 NOTE
r-oldrel-windows-x86_64 0.1.1 4.00 18.00 22.00 NOTE

Check Details

Version: 0.1.1
Check: LazyData
Result: NOTE 'LazyData' is specified without a 'data' directory Flavors: r-patched-linux-x86_64, r-release-linux-x86_64, r-release-macos-arm64, r-release-macos-x86_64, r-release-windows-x86_64, r-oldrel-macos-arm64, r-oldrel-macos-x86_64, r-oldrel-windows-x86_64