Last updated on 2025-02-17 09:49:41 CET.
Flavor | Version | Tinstall | Tcheck | Ttotal | Status | Flags |
---|---|---|---|---|---|---|
r-devel-linux-x86_64-debian-clang | 1.0.0 | 1.71 | 18.94 | 20.65 | OK | |
r-devel-linux-x86_64-debian-gcc | 1.0.0 | 1.36 | 15.67 | 17.03 | OK | |
r-devel-linux-x86_64-fedora-clang | 1.0.0 | 34.49 | OK | |||
r-devel-linux-x86_64-fedora-gcc | 1.0.0 | 31.51 | OK | |||
r-devel-macos-arm64 | 1.0.0 | 12.00 | OK | |||
r-devel-macos-x86_64 | 1.0.0 | 24.00 | OK | |||
r-devel-windows-x86_64 | 1.0.0 | 3.00 | 43.00 | 46.00 | OK | |
r-patched-linux-x86_64 | 1.0.0 | 1.84 | 18.49 | 20.33 | NOTE | |
r-release-linux-x86_64 | 1.0.0 | 1.68 | 18.17 | 19.85 | NOTE | |
r-release-macos-arm64 | 1.0.0 | 16.00 | NOTE | |||
r-release-macos-x86_64 | 1.0.0 | 24.00 | NOTE | |||
r-release-windows-x86_64 | 1.0.0 | 2.00 | 47.00 | 49.00 | NOTE | |
r-oldrel-macos-arm64 | 1.0.0 | 15.00 | NOTE | |||
r-oldrel-macos-x86_64 | 1.0.0 | 22.00 | NOTE | |||
r-oldrel-windows-x86_64 | 1.0.0 | 3.00 | 42.00 | 45.00 | NOTE |
Version: 1.0.0
Check: LazyData
Result: NOTE
'LazyData' is specified without a 'data' directory
Flavors: r-patched-linux-x86_64, r-release-linux-x86_64, r-release-macos-arm64, r-release-macos-x86_64, r-release-windows-x86_64, r-oldrel-macos-arm64, r-oldrel-macos-x86_64, r-oldrel-windows-x86_64