CRAN Package Check Results for Package fdWasserstein

Last updated on 2025-10-17 09:49:56 CEST.

Flavor Version Tinstall Tcheck Ttotal Status Flags
r-devel-linux-x86_64-debian-clang 1.0 2.17 28.56 30.73 NOTE
r-devel-linux-x86_64-debian-gcc 1.0 1.83 21.38 23.21 NOTE
r-devel-linux-x86_64-fedora-clang 1.0 44.26 OK
r-devel-linux-x86_64-fedora-gcc 1.0 40.64 OK
r-devel-windows-x86_64 1.0 3.00 45.00 48.00 OK
r-patched-linux-x86_64 1.0 2.15 27.18 29.33 OK
r-release-linux-x86_64 1.0 2.09 26.49 28.58 OK
r-release-macos-arm64 1.0 20.00 OK
r-release-macos-x86_64 1.0 32.00 OK
r-release-windows-x86_64 1.0 5.00 54.00 59.00 OK
r-oldrel-macos-arm64 1.0 18.00 OK
r-oldrel-macos-x86_64 1.0 27.00 OK
r-oldrel-windows-x86_64 1.0 4.00 52.00 56.00 OK

Check Details

Version: 1.0
Check: CRAN incoming feasibility
Result: NOTE Maintainer: ‘Valentina Masarotto <v.masarotto@math.leidenuniv.nl>’ The Description field contains in Masarotto, Panaretos & Zemel (2022) <arXiv:2212.04797>. - perform a Please refer to arXiv e-prints via their arXiv DOI <doi:10.48550/arXiv.YYMM.NNNNN>. Flavors: r-devel-linux-x86_64-debian-clang, r-devel-linux-x86_64-debian-gcc