Last updated on 2025-02-19 09:50:48 CET.
Flavor | Version | Tinstall | Tcheck | Ttotal | Status | Flags |
---|---|---|---|---|---|---|
r-devel-linux-x86_64-debian-clang | 0.3.4 | 3.12 | 29.12 | 32.24 | OK | |
r-devel-linux-x86_64-debian-gcc | 0.3.4 | 1.96 | 21.85 | 23.81 | OK | |
r-devel-linux-x86_64-fedora-clang | 0.3.4 | 51.68 | NOTE | |||
r-devel-linux-x86_64-fedora-gcc | 0.3.4 | 62.78 | NOTE | |||
r-devel-macos-arm64 | 0.3.4 | 26.00 | OK | |||
r-devel-macos-x86_64 | 0.3.4 | 50.00 | OK | |||
r-devel-windows-x86_64 | 0.3.4 | 5.00 | 52.00 | 57.00 | OK | |
r-patched-linux-x86_64 | 0.3.4 | 2.45 | 27.73 | 30.18 | OK | |
r-release-linux-x86_64 | 0.3.4 | 2.96 | 27.25 | 30.21 | OK | |
r-release-macos-arm64 | 0.3.4 | 48.00 | OK | |||
r-release-macos-x86_64 | 0.3.4 | 69.00 | OK | |||
r-release-windows-x86_64 | 0.3.4 | 5.00 | 60.00 | 65.00 | OK | |
r-oldrel-macos-arm64 | 0.3.4 | 45.00 | OK | |||
r-oldrel-macos-x86_64 | 0.3.4 | 67.00 | OK | |||
r-oldrel-windows-x86_64 | 0.3.4 | 4.00 | 58.00 | 62.00 | OK |
Version: 0.3.4
Check: dependencies in R code
Result: NOTE
Namespaces in Imports field not imported from:
‘collapse’ ‘data.table’ ‘kit’ ‘magrittr’
All declared Imports should be used.
Flavors: r-devel-linux-x86_64-fedora-clang, r-devel-linux-x86_64-fedora-gcc