Last updated on 2025-02-19 09:50:48 CET.
Flavor | Version | Tinstall | Tcheck | Ttotal | Status | Flags |
---|---|---|---|---|---|---|
r-devel-linux-x86_64-debian-clang | 0.4.0 | 10.56 | 70.50 | 81.06 | NOTE | |
r-devel-linux-x86_64-debian-gcc | 0.4.0 | 6.33 | 46.37 | 52.70 | NOTE | |
r-devel-linux-x86_64-fedora-clang | 0.4.0 | 127.50 | NOTE | |||
r-devel-linux-x86_64-fedora-gcc | 0.4.0 | 116.27 | NOTE | |||
r-devel-macos-arm64 | 0.4.0 | 38.00 | NOTE | |||
r-devel-macos-x86_64 | 0.4.0 | 76.00 | NOTE | |||
r-devel-windows-x86_64 | 0.4.0 | 10.00 | 93.00 | 103.00 | NOTE | |
r-patched-linux-x86_64 | 0.4.0 | 9.33 | 63.34 | 72.67 | NOTE | |
r-release-linux-x86_64 | 0.4.0 | 10.29 | 61.52 | 71.81 | NOTE | |
r-release-macos-arm64 | 0.4.0 | 27.00 | NOTE | |||
r-release-macos-x86_64 | 0.4.0 | 45.00 | NOTE | |||
r-release-windows-x86_64 | 0.4.0 | 10.00 | 87.00 | 97.00 | NOTE | |
r-oldrel-macos-arm64 | 0.4.0 | 34.00 | OK | |||
r-oldrel-macos-x86_64 | 0.4.0 | 50.00 | OK | |||
r-oldrel-windows-x86_64 | 0.4.0 | 16.00 | 98.00 | 114.00 | OK |
Version: 0.4.0
Check: Rd files
Result: NOTE
checkRd: (-1) update_nhl_db.Rd:51-53: Lost braces in \itemize; meant \describe ?
checkRd: (-1) update_nhl_db.Rd:54-57: Lost braces in \itemize; meant \describe ?
checkRd: (-1) update_phf_db.Rd:51-53: Lost braces in \itemize; meant \describe ?
checkRd: (-1) update_phf_db.Rd:54-57: Lost braces in \itemize; meant \describe ?
Flavors: r-devel-linux-x86_64-debian-clang, r-devel-linux-x86_64-debian-gcc, r-devel-linux-x86_64-fedora-clang, r-devel-linux-x86_64-fedora-gcc, r-devel-macos-arm64, r-devel-macos-x86_64, r-devel-windows-x86_64, r-patched-linux-x86_64, r-release-linux-x86_64, r-release-macos-arm64, r-release-macos-x86_64, r-release-windows-x86_64