Last updated on 2025-02-20 09:50:48 CET.
Flavor | Version | Tinstall | Tcheck | Ttotal | Status | Flags |
---|---|---|---|---|---|---|
r-devel-linux-x86_64-debian-clang | 1.0.6 | 2.60 | 27.62 | 30.22 | OK | |
r-devel-linux-x86_64-debian-gcc | 1.0.6 | 1.94 | 21.20 | 23.14 | OK | |
r-devel-linux-x86_64-fedora-clang | 1.0.6 | 50.41 | NOTE | |||
r-devel-linux-x86_64-fedora-gcc | 1.0.6 | 45.74 | NOTE | |||
r-devel-macos-arm64 | 1.0.6 | 17.00 | OK | |||
r-devel-macos-x86_64 | 1.0.6 | 31.00 | OK | |||
r-devel-windows-x86_64 | 1.0.6 | 4.00 | 48.00 | 52.00 | OK | |
r-patched-linux-x86_64 | 1.0.6 | 2.45 | 26.04 | 28.49 | OK | |
r-release-linux-x86_64 | 1.0.6 | 2.53 | 25.89 | 28.42 | OK | |
r-release-macos-arm64 | 1.0.6 | 19.00 | OK | |||
r-release-macos-x86_64 | 1.0.6 | 26.00 | OK | |||
r-release-windows-x86_64 | 1.0.6 | 4.00 | 47.00 | 51.00 | OK | |
r-oldrel-macos-arm64 | 1.0.6 | 20.00 | OK | |||
r-oldrel-macos-x86_64 | 1.0.6 | 30.00 | OK | |||
r-oldrel-windows-x86_64 | 1.0.6 | 4.00 | 48.00 | 52.00 | OK |
Version: 1.0.6
Check: dependencies in R code
Result: NOTE
Namespace in Imports field not imported from: ‘R6’
All declared Imports should be used.
Flavors: r-devel-linux-x86_64-fedora-clang, r-devel-linux-x86_64-fedora-gcc