CRAN Package Check Results for Package extraterrestrial

Last updated on 2025-02-19 09:50:48 CET.

Flavor Version Tinstall Tcheck Ttotal Status Flags
r-devel-linux-x86_64-debian-clang 0.1.0 1.62 16.64 18.26 OK
r-devel-linux-x86_64-debian-gcc 0.1.0 1.20 14.12 15.32 OK
r-devel-linux-x86_64-fedora-clang 0.1.0 29.00 OK
r-devel-linux-x86_64-fedora-gcc 0.1.0 27.09 OK
r-devel-macos-arm64 0.1.0 12.00 OK
r-devel-macos-x86_64 0.1.0 23.00 OK
r-devel-windows-x86_64 0.1.0 2.00 46.00 48.00 OK
r-patched-linux-x86_64 0.1.0 1.31 16.05 17.36 NOTE
r-release-linux-x86_64 0.1.0 1.50 15.85 17.35 NOTE
r-release-macos-arm64 0.1.0 14.00 NOTE
r-release-macos-x86_64 0.1.0 19.00 NOTE
r-release-windows-x86_64 0.1.0 3.00 40.00 43.00 NOTE
r-oldrel-macos-arm64 0.1.0 15.00 NOTE
r-oldrel-macos-x86_64 0.1.0 19.00 NOTE
r-oldrel-windows-x86_64 0.1.0 3.00 39.00 42.00 NOTE

Check Details

Version: 0.1.0
Check: LazyData
Result: NOTE 'LazyData' is specified without a 'data' directory Flavors: r-patched-linux-x86_64, r-release-linux-x86_64, r-release-macos-arm64, r-release-macos-x86_64, r-release-windows-x86_64, r-oldrel-macos-arm64, r-oldrel-macos-x86_64, r-oldrel-windows-x86_64