Last updated on 2025-02-17 09:49:39 CET.
Flavor | Version | Tinstall | Tcheck | Ttotal | Status | Flags |
---|---|---|---|---|---|---|
r-devel-linux-x86_64-debian-clang | 1.0-4 | 4.84 | 41.62 | 46.46 | NOTE | |
r-devel-linux-x86_64-debian-gcc | 1.0-4 | 3.85 | 32.53 | 36.38 | NOTE | |
r-devel-linux-x86_64-fedora-clang | 1.0-4 | 74.27 | OK | |||
r-devel-linux-x86_64-fedora-gcc | 1.0-4 | 72.45 | OK | |||
r-devel-macos-arm64 | 1.0-4 | 27.00 | OK | |||
r-devel-macos-x86_64 | 1.0-4 | 44.00 | OK | |||
r-devel-windows-x86_64 | 1.0-4 | 7.00 | 71.00 | 78.00 | NOTE | |
r-patched-linux-x86_64 | 1.0-4 | 9.66 | 39.42 | 49.08 | OK | |
r-release-linux-x86_64 | 1.0-4 | 4.40 | 39.61 | 44.01 | OK | |
r-release-macos-arm64 | 1.0-4 | 29.00 | OK | |||
r-release-macos-x86_64 | 1.0-4 | 36.00 | OK | |||
r-release-windows-x86_64 | 1.0-4 | 7.00 | 65.00 | 72.00 | OK | |
r-oldrel-macos-arm64 | 1.0-4 | 27.00 | OK | |||
r-oldrel-macos-x86_64 | 1.0-4 | 39.00 | OK | |||
r-oldrel-windows-x86_64 | 1.0-4 | 9.00 | 96.00 | 105.00 | OK |
Version: 1.0-4
Check: Rd cross-references
Result: NOTE
Found the following Rd file(s) with Rd \link{} targets missing package
anchors:
eegfilter.Rd: butter, fir1, filtfilt, freqz_plot
eegpsd.Rd: imagebar
Please provide package anchors for all Rd \link{} targets not in the
package itself and the base packages.
Flavors: r-devel-linux-x86_64-debian-clang, r-devel-linux-x86_64-debian-gcc, r-devel-windows-x86_64