Last updated on 2025-02-19 09:50:47 CET.
Flavor | Version | Tinstall | Tcheck | Ttotal | Status | Flags |
---|---|---|---|---|---|---|
r-devel-linux-x86_64-debian-clang | 1.2.6.4 | 3.93 | 45.00 | 48.93 | OK | |
r-devel-linux-x86_64-debian-gcc | 1.2.6.4 | 2.58 | 32.71 | 35.29 | OK | |
r-devel-linux-x86_64-fedora-clang | 1.2.6.4 | 78.59 | OK | |||
r-devel-linux-x86_64-fedora-gcc | 1.2.6.4 | 89.80 | OK | |||
r-devel-macos-arm64 | 1.2.6.4 | 31.00 | OK | |||
r-devel-macos-x86_64 | 1.2.6.4 | 61.00 | OK | |||
r-devel-windows-x86_64 | 1.2.6.4 | 7.00 | 82.00 | 89.00 | OK | |
r-patched-linux-x86_64 | 1.2.6.4 | 3.24 | 43.37 | 46.61 | OK | |
r-release-linux-x86_64 | 1.2.6.4 | 3.02 | 41.97 | 44.99 | OK | |
r-release-macos-arm64 | 1.2.6.4 | 31.00 | OK | |||
r-release-macos-x86_64 | 1.2.6.4 | 47.00 | OK | |||
r-release-windows-x86_64 | 1.2.6.4 | 7.00 | 83.00 | 90.00 | OK | |
r-oldrel-macos-arm64 | 1.2.6.4 | 42.00 | OK | |||
r-oldrel-macos-x86_64 | 1.2.6.4 | 60.00 | NOTE | |||
r-oldrel-windows-x86_64 | 1.2.6.4 | 8.00 | 106.00 | 114.00 | OK |
Version: 1.2.6.4
Check: package dependencies
Result: NOTE
Package suggested but not available for checking: ‘seacarb’
Flavor: r-oldrel-macos-x86_64