CRAN Package Check Results for Package eChem

Last updated on 2025-02-19 09:50:47 CET.

Flavor Version Tinstall Tcheck Ttotal Status Flags
r-devel-linux-x86_64-debian-clang 1.0.0 4.80 71.57 76.37 OK
r-devel-linux-x86_64-debian-gcc 1.0.0 3.05 51.91 54.96 OK
r-devel-linux-x86_64-fedora-clang 1.0.0 121.85 OK
r-devel-linux-x86_64-fedora-gcc 1.0.0 129.13 OK
r-devel-macos-arm64 1.0.0 54.00 OK
r-devel-macos-x86_64 1.0.0 112.00 OK
r-devel-windows-x86_64 1.0.0 6.00 136.00 142.00 OK
r-patched-linux-x86_64 1.0.0 3.51 64.33 67.84 NOTE
r-release-linux-x86_64 1.0.0 4.35 64.66 69.01 NOTE
r-release-macos-arm64 1.0.0 51.00 NOTE
r-release-macos-x86_64 1.0.0 74.00 NOTE
r-release-windows-x86_64 1.0.0 5.00 135.00 140.00 NOTE
r-oldrel-macos-arm64 1.0.0 49.00 NOTE
r-oldrel-macos-x86_64 1.0.0 108.00 NOTE
r-oldrel-windows-x86_64 1.0.0 7.00 127.00 134.00 NOTE

Check Details

Version: 1.0.0
Check: LazyData
Result: NOTE 'LazyData' is specified without a 'data' directory Flavors: r-patched-linux-x86_64, r-release-linux-x86_64, r-release-macos-arm64, r-release-macos-x86_64, r-release-windows-x86_64, r-oldrel-macos-arm64, r-oldrel-macos-x86_64, r-oldrel-windows-x86_64