CRAN Package Check Results for Package dyads

Last updated on 2025-02-19 09:50:47 CET.

Flavor Version Tinstall Tcheck Ttotal Status Flags
r-devel-linux-x86_64-debian-clang 1.2.1 6.83 61.51 68.34 OK
r-devel-linux-x86_64-debian-gcc 1.2.1 5.44 39.82 45.26 OK
r-devel-linux-x86_64-fedora-clang 1.2.1 115.20 OK
r-devel-linux-x86_64-fedora-gcc 1.2.1 106.20 OK
r-devel-macos-arm64 1.2.1 29.00 OK
r-devel-macos-x86_64 1.2.1 58.00 OK
r-devel-windows-x86_64 1.2.1 8.00 72.00 80.00 OK
r-patched-linux-x86_64 1.2.1 7.21 59.04 66.25 OK
r-release-linux-x86_64 1.2.1 6.30 58.22 64.52 OK
r-release-macos-arm64 1.2.1 30.00 OK
r-release-macos-x86_64 1.2.1 46.00 OK
r-release-windows-x86_64 1.2.1 8.00 71.00 79.00 WARN
r-oldrel-macos-arm64 1.2.1 34.00 OK
r-oldrel-macos-x86_64 1.2.1 54.00 OK
r-oldrel-windows-x86_64 1.2.1 10.00 83.00 93.00 OK

Check Details

Version: 1.2.1
Check: S3 generic/method consistency
Result: WARN During startup - Warning message: In read.table(file = file, header = header, sep = sep, quote = quote, : cols = 6 != length(data) = 7 See section 'Generic functions and methods' in the 'Writing R Extensions' manual. Flavor: r-release-windows-x86_64

Version: 1.2.1
Check: replacement functions
Result: WARN During startup - Warning message: In read.table(file = file, header = header, sep = sep, quote = quote, : cols = 6 != length(data) = 7 The argument of a replacement function which corresponds to the right hand side must be named 'value'. Flavor: r-release-windows-x86_64

Version: 1.2.1
Check: foreign function calls
Result: NOTE During startup - Warning message: In read.table(file = file, header = header, sep = sep, quote = quote, : cols = 6 != length(data) = 7 See chapter 'System and foreign language interfaces' in the 'Writing R Extensions' manual. Flavor: r-release-windows-x86_64

Version: 1.2.1
Check: R code for possible problems
Result: NOTE During startup - Warning message: In read.table(file = file, header = header, sep = sep, quote = quote, : cols = 6 != length(data) = 7 During startup - Warning message: In read.table(file = file, header = header, sep = sep, quote = quote, : cols = 6 != length(data) = 7 Warning in read.table(file = file, header = header, sep = sep, quote = quote, : cols = 6 != length(data) = 7 Flavor: r-release-windows-x86_64

Version: 1.2.1
Check: Rd files
Result: WARN During startup - Warning message: In read.table(file = file, header = header, sep = sep, quote = quote, : cols = 6 != length(data) = 7 Flavor: r-release-windows-x86_64

Version: 1.2.1
Check: for missing documentation entries
Result: WARN During startup - Warning message: In read.table(file = file, header = header, sep = sep, quote = quote, : cols = 6 != length(data) = 7 All user-level objects in a package should have documentation entries. See chapter 'Writing R documentation files' in the 'Writing R Extensions' manual. Flavor: r-release-windows-x86_64

Version: 1.2.1
Check: for code/documentation mismatches
Result: WARN During startup - Warning message: In read.table(file = file, header = header, sep = sep, quote = quote, : cols = 6 != length(data) = 7 During startup - Warning message: In read.table(file = file, header = header, sep = sep, quote = quote, : cols = 6 != length(data) = 7 During startup - Warning message: In read.table(file = file, header = header, sep = sep, quote = quote, : cols = 6 != length(data) = 7 Flavor: r-release-windows-x86_64

Version: 1.2.1
Check: Rd \usage sections
Result: WARN During startup - Warning message: In read.table(file = file, header = header, sep = sep, quote = quote, : cols = 6 != length(data) = 7 Functions with \usage entries need to have the appropriate \alias entries, and all their arguments documented. The \usage entries must correspond to syntactically valid R code. See chapter 'Writing R documentation files' in the 'Writing R Extensions' manual. During startup - Warning message: In read.table(file = file, header = header, sep = sep, quote = quote, : cols = 6 != length(data) = 7 The \usage entries for S3 methods should use the \method markup and not their full name. See chapter 'Writing R documentation files' in the 'Writing R Extensions' manual. Flavor: r-release-windows-x86_64

Version: 1.2.1
Check: Rd contents
Result: NOTE Warning in read.table(file = file, header = header, sep = sep, quote = quote, : cols = 6 != length(data) = 7 Flavor: r-release-windows-x86_64

Version: 1.2.1
Check: for unstated dependencies in examples
Result: WARN Warning in read.table(file = file, header = header, sep = sep, quote = quote, : cols = 6 != length(data) = 7 Flavor: r-release-windows-x86_64