CRAN Package Check Results for Package dostats

Last updated on 2025-02-19 09:50:47 CET.

Flavor Version Tinstall Tcheck Ttotal Status Flags
r-devel-linux-x86_64-debian-clang 1.3.3 1.89 21.42 23.31 OK
r-devel-linux-x86_64-debian-gcc 1.3.3 1.48 16.99 18.47 OK
r-devel-linux-x86_64-fedora-clang 1.3.3 36.76 OK
r-devel-linux-x86_64-fedora-gcc 1.3.3 35.28 OK
r-devel-macos-arm64 1.3.3 20.00 OK
r-devel-macos-x86_64 1.3.3 28.00 OK
r-devel-windows-x86_64 1.3.3 4.00 46.00 50.00 OK
r-patched-linux-x86_64 1.3.3 2.07 20.60 22.67 OK
r-release-linux-x86_64 1.3.3 1.44 20.54 21.98 OK
r-release-macos-arm64 1.3.3 16.00 OK
r-release-macos-x86_64 1.3.3 22.00 OK
r-release-windows-x86_64 1.3.3 3.00 45.00 48.00 WARN
r-oldrel-macos-arm64 1.3.3 16.00 OK
r-oldrel-macos-x86_64 1.3.3 22.00 OK
r-oldrel-windows-x86_64 1.3.3 3.00 48.00 51.00 OK

Check Details

Version: 1.3.3
Check: S3 generic/method consistency
Result: WARN During startup - Warning message: In read.table(file = file, header = header, sep = sep, quote = quote, : cols = 6 != length(data) = 7 See section 'Generic functions and methods' in the 'Writing R Extensions' manual. Flavor: r-release-windows-x86_64

Version: 1.3.3
Check: replacement functions
Result: WARN During startup - Warning message: In read.table(file = file, header = header, sep = sep, quote = quote, : cols = 6 != length(data) = 7 The argument of a replacement function which corresponds to the right hand side must be named 'value'. Flavor: r-release-windows-x86_64

Version: 1.3.3
Check: foreign function calls
Result: NOTE During startup - Warning message: In read.table(file = file, header = header, sep = sep, quote = quote, : cols = 6 != length(data) = 7 See chapter 'System and foreign language interfaces' in the 'Writing R Extensions' manual. Flavor: r-release-windows-x86_64

Version: 1.3.3
Check: R code for possible problems
Result: NOTE During startup - Warning message: In read.table(file = file, header = header, sep = sep, quote = quote, : cols = 6 != length(data) = 7 During startup - Warning message: In read.table(file = file, header = header, sep = sep, quote = quote, : cols = 6 != length(data) = 7 Warning in read.table(file = file, header = header, sep = sep, quote = quote, : cols = 6 != length(data) = 7 Flavor: r-release-windows-x86_64

Version: 1.3.3
Check: Rd files
Result: WARN During startup - Warning message: In read.table(file = file, header = header, sep = sep, quote = quote, : cols = 6 != length(data) = 7 Flavor: r-release-windows-x86_64

Version: 1.3.3
Check: Rd cross-references
Result: WARN Warning in read.table(file = file, header = header, sep = sep, quote = quote, : cols = 6 != length(data) = 7 Flavor: r-release-windows-x86_64

Version: 1.3.3
Check: for missing documentation entries
Result: WARN During startup - Warning message: In read.table(file = file, header = header, sep = sep, quote = quote, : cols = 6 != length(data) = 7 All user-level objects in a package should have documentation entries. See chapter 'Writing R documentation files' in the 'Writing R Extensions' manual. Flavor: r-release-windows-x86_64

Version: 1.3.3
Check: for code/documentation mismatches
Result: WARN During startup - Warning message: In read.table(file = file, header = header, sep = sep, quote = quote, : cols = 6 != length(data) = 7 During startup - Warning message: In read.table(file = file, header = header, sep = sep, quote = quote, : cols = 6 != length(data) = 7 During startup - Warning message: In read.table(file = file, header = header, sep = sep, quote = quote, : cols = 6 != length(data) = 7 Flavor: r-release-windows-x86_64

Version: 1.3.3
Check: Rd \usage sections
Result: WARN During startup - Warning message: In read.table(file = file, header = header, sep = sep, quote = quote, : cols = 6 != length(data) = 7 Functions with \usage entries need to have the appropriate \alias entries, and all their arguments documented. The \usage entries must correspond to syntactically valid R code. See chapter 'Writing R documentation files' in the 'Writing R Extensions' manual. During startup - Warning message: In read.table(file = file, header = header, sep = sep, quote = quote, : cols = 6 != length(data) = 7 The \usage entries for S3 methods should use the \method markup and not their full name. See chapter 'Writing R documentation files' in the 'Writing R Extensions' manual. Flavor: r-release-windows-x86_64

Version: 1.3.3
Check: Rd contents
Result: NOTE Warning in read.table(file = file, header = header, sep = sep, quote = quote, : cols = 6 != length(data) = 7 Flavor: r-release-windows-x86_64

Version: 1.3.3
Check: for unstated dependencies in examples
Result: WARN Warning in read.table(file = file, header = header, sep = sep, quote = quote, : cols = 6 != length(data) = 7 Flavor: r-release-windows-x86_64

Version: 1.3.3
Check: for unstated dependencies in ‘tests’
Result: WARN Warning in read.table(file = file, header = header, sep = sep, quote = quote, : cols = 6 != length(data) = 7 Flavor: r-release-windows-x86_64