Last updated on 2025-02-19 09:50:46 CET.
Flavor | Version | Tinstall | Tcheck | Ttotal | Status | Flags |
---|---|---|---|---|---|---|
r-devel-linux-x86_64-debian-clang | 0.1.5 | 3.73 | 32.11 | 35.84 | OK | |
r-devel-linux-x86_64-debian-gcc | 0.1.5 | 2.51 | 23.61 | 26.12 | OK | |
r-devel-linux-x86_64-fedora-clang | 0.1.5 | 56.44 | OK | |||
r-devel-linux-x86_64-fedora-gcc | 0.1.5 | 53.31 | OK | |||
r-devel-macos-arm64 | 0.1.5 | 23.00 | OK | |||
r-devel-macos-x86_64 | 0.1.5 | 36.00 | OK | |||
r-devel-windows-x86_64 | 0.1.5 | 5.00 | 55.00 | 60.00 | OK | |
r-patched-linux-x86_64 | 0.1.5 | 4.15 | 30.80 | 34.95 | OK | |
r-release-linux-x86_64 | 0.1.5 | 3.94 | 30.58 | 34.52 | OK | |
r-release-macos-arm64 | 0.1.5 | 21.00 | OK | |||
r-release-macos-x86_64 | 0.1.5 | 33.00 | OK | |||
r-release-windows-x86_64 | 0.1.5 | 5.00 | 65.00 | 70.00 | WARN | |
r-oldrel-macos-arm64 | 0.1.5 | 22.00 | OK | |||
r-oldrel-macos-x86_64 | 0.1.5 | 30.00 | OK | |||
r-oldrel-windows-x86_64 | 0.1.5 | 7.00 | 60.00 | 67.00 | OK |
Version: 0.1.5
Check: package subdirectories
Result: WARN
Invalid citation information in 'inst/CITATION':
During startup - Warning message:
In read.table(file = file, header = header, sep = sep, quote = quote, :
cols = 6 != length(data) = 7
Flavor: r-release-windows-x86_64
Version: 0.1.5
Check: S3 generic/method consistency
Result: WARN
During startup - Warning message:
In read.table(file = file, header = header, sep = sep, quote = quote, :
cols = 6 != length(data) = 7
See section 'Generic functions and methods' in the 'Writing R
Extensions' manual.
Flavor: r-release-windows-x86_64
Version: 0.1.5
Check: replacement functions
Result: WARN
During startup - Warning message:
In read.table(file = file, header = header, sep = sep, quote = quote, :
cols = 6 != length(data) = 7
The argument of a replacement function which corresponds to the right
hand side must be named 'value'.
Flavor: r-release-windows-x86_64
Version: 0.1.5
Check: foreign function calls
Result: NOTE
During startup - Warning message:
In read.table(file = file, header = header, sep = sep, quote = quote, :
cols = 6 != length(data) = 7
See chapter 'System and foreign language interfaces' in the 'Writing R
Extensions' manual.
Flavor: r-release-windows-x86_64
Version: 0.1.5
Check: R code for possible problems
Result: NOTE
During startup - Warning message:
In read.table(file = file, header = header, sep = sep, quote = quote, :
cols = 6 != length(data) = 7
During startup - Warning message:
In read.table(file = file, header = header, sep = sep, quote = quote, :
cols = 6 != length(data) = 7
Warning in read.table(file = file, header = header, sep = sep, quote = quote, :
cols = 6 != length(data) = 7
Flavor: r-release-windows-x86_64
Version: 0.1.5
Check: Rd files
Result: WARN
During startup - Warning message:
In read.table(file = file, header = header, sep = sep, quote = quote, :
cols = 6 != length(data) = 7
Flavor: r-release-windows-x86_64
Version: 0.1.5
Check: Rd cross-references
Result: WARN
Warning in read.table(file = file, header = header, sep = sep, quote = quote, :
cols = 6 != length(data) = 7
Flavor: r-release-windows-x86_64
Version: 0.1.5
Check: for missing documentation entries
Result: WARN
During startup - Warning message:
In read.table(file = file, header = header, sep = sep, quote = quote, :
cols = 6 != length(data) = 7
All user-level objects in a package should have documentation entries.
See chapter 'Writing R documentation files' in the 'Writing R
Extensions' manual.
Flavor: r-release-windows-x86_64
Version: 0.1.5
Check: for code/documentation mismatches
Result: WARN
During startup - Warning message:
In read.table(file = file, header = header, sep = sep, quote = quote, :
cols = 6 != length(data) = 7
During startup - Warning message:
In read.table(file = file, header = header, sep = sep, quote = quote, :
cols = 6 != length(data) = 7
During startup - Warning message:
In read.table(file = file, header = header, sep = sep, quote = quote, :
cols = 6 != length(data) = 7
Flavor: r-release-windows-x86_64
Version: 0.1.5
Check: Rd \usage sections
Result: WARN
During startup - Warning message:
In read.table(file = file, header = header, sep = sep, quote = quote, :
cols = 6 != length(data) = 7
Functions with \usage entries need to have the appropriate \alias
entries, and all their arguments documented.
The \usage entries must correspond to syntactically valid R code.
See chapter 'Writing R documentation files' in the 'Writing R
Extensions' manual.
During startup - Warning message:
In read.table(file = file, header = header, sep = sep, quote = quote, :
cols = 6 != length(data) = 7
The \usage entries for S3 methods should use the \method markup and not
their full name.
See chapter 'Writing R documentation files' in the 'Writing R
Extensions' manual.
Flavor: r-release-windows-x86_64
Version: 0.1.5
Check: Rd contents
Result: NOTE
Warning in read.table(file = file, header = header, sep = sep, quote = quote, :
cols = 6 != length(data) = 7
Flavor: r-release-windows-x86_64
Version: 0.1.5
Check: for unstated dependencies in examples
Result: WARN
Warning in read.table(file = file, header = header, sep = sep, quote = quote, :
cols = 6 != length(data) = 7
Flavor: r-release-windows-x86_64
Version: 0.1.5
Check: data for non-ASCII characters
Result: NOTE
During startup - Warning message:
In read.table(file = file, header = header, sep = sep, quote = quote, :
cols = 6 != length(data) = 7
Flavor: r-release-windows-x86_64
Version: 0.1.5
Check: data for ASCII and uncompressed saves
Result: WARN
During startup - Warning message:
In read.table(file = file, header = header, sep = sep, quote = quote, :
cols = 6 != length(data) = 7
Flavor: r-release-windows-x86_64