Last updated on 2025-02-19 09:50:46 CET.
Flavor | Version | Tinstall | Tcheck | Ttotal | Status | Flags |
---|---|---|---|---|---|---|
r-devel-linux-x86_64-debian-clang | 0.1 | 9.13 | 90.17 | 99.30 | NOTE | |
r-devel-linux-x86_64-debian-gcc | 0.1 | 5.72 | 65.32 | 71.04 | NOTE | |
r-devel-linux-x86_64-fedora-clang | 0.1 | 155.60 | OK | |||
r-devel-linux-x86_64-fedora-gcc | 0.1 | 167.84 | OK | |||
r-devel-macos-arm64 | 0.1 | 58.00 | OK | |||
r-devel-macos-x86_64 | 0.1 | 108.00 | OK | |||
r-devel-windows-x86_64 | 0.1 | 8.00 | 132.00 | 140.00 | NOTE | |
r-patched-linux-x86_64 | 0.1 | 8.02 | 83.94 | 91.96 | OK | |
r-release-linux-x86_64 | 0.1 | 7.90 | 84.33 | 92.23 | OK | |
r-release-macos-arm64 | 0.1 | 54.00 | OK | |||
r-release-macos-x86_64 | 0.1 | 83.00 | OK | |||
r-release-windows-x86_64 | 0.1 | 8.00 | 131.00 | 139.00 | OK | |
r-oldrel-macos-arm64 | 0.1 | 57.00 | OK | |||
r-oldrel-macos-x86_64 | 0.1 | 99.00 | OK | |||
r-oldrel-windows-x86_64 | 0.1 | 11.00 | 168.00 | 179.00 | OK |
Version: 0.1
Check: Rd cross-references
Result: NOTE
Found the following Rd file(s) with Rd \link{} targets missing package
anchors:
nelsonaalen_npdf.Rd: survfit
npdf_cox.Rd: Surv
plot.npdf.Rd: survfit.formula, plot.survfit
survfit_npdf.Rd: survfit.formula
Please provide package anchors for all Rd \link{} targets not in the
package itself and the base packages.
Flavors: r-devel-linux-x86_64-debian-clang, r-devel-linux-x86_64-debian-gcc, r-devel-windows-x86_64