Last updated on 2025-02-19 09:50:46 CET.
Flavor | Version | Tinstall | Tcheck | Ttotal | Status | Flags |
---|---|---|---|---|---|---|
r-devel-linux-x86_64-debian-clang | 0.1.0 | 29.52 | 21.92 | 51.44 | OK | |
r-devel-linux-x86_64-debian-gcc | 0.1.0 | 22.62 | 17.53 | 40.15 | OK | |
r-devel-linux-x86_64-fedora-clang | 0.1.0 | 93.07 | OK | |||
r-devel-linux-x86_64-fedora-gcc | 0.1.0 | 96.47 | OK | |||
r-devel-macos-arm64 | 0.1.0 | 28.00 | OK | |||
r-devel-macos-x86_64 | 0.1.0 | 38.00 | OK | |||
r-devel-windows-x86_64 | 0.1.0 | 30.00 | 59.00 | 89.00 | OK | |
r-patched-linux-x86_64 | 0.1.0 | 31.21 | 20.96 | 52.17 | OK | |
r-release-linux-x86_64 | 0.1.0 | 31.82 | 21.12 | 52.94 | OK | |
r-release-macos-arm64 | 0.1.0 | 30.00 | OK | |||
r-release-macos-x86_64 | 0.1.0 | 36.00 | OK | |||
r-release-windows-x86_64 | 0.1.0 | 30.00 | 3.00 | 33.00 | FAIL | |
r-oldrel-macos-arm64 | 0.1.0 | 35.00 | OK | |||
r-oldrel-macos-x86_64 | 0.1.0 | 55.00 | OK | |||
r-oldrel-windows-x86_64 | 0.1.0 | 28.00 | 69.00 | 97.00 | OK |
Version: 0.1.0
Check: package dependencies
Result: FAIL
Flavor: r-release-windows-x86_64