Last updated on 2025-07-12 09:49:16 CEST.
Flavor | Version | Tinstall | Tcheck | Ttotal | Status | Flags |
---|---|---|---|---|---|---|
r-devel-linux-x86_64-debian-clang | 0.3.0 | 5.54 | 61.26 | 66.80 | NOTE | |
r-devel-linux-x86_64-debian-gcc | 0.3.0 | 3.80 | 47.94 | 51.74 | NOTE | |
r-devel-linux-x86_64-fedora-clang | 0.3.0 | 104.14 | OK | |||
r-devel-linux-x86_64-fedora-gcc | 0.3.0 | 112.09 | OK | |||
r-devel-windows-x86_64 | 0.3.0 | 8.00 | 81.00 | 89.00 | NOTE | |
r-patched-linux-x86_64 | 0.3.0 | 6.29 | 57.39 | 63.68 | NOTE | |
r-release-linux-x86_64 | 0.3.0 | 5.91 | 57.89 | 63.80 | NOTE | |
r-release-macos-arm64 | 0.3.0 | 42.00 | OK | |||
r-release-macos-x86_64 | 0.3.0 | 75.00 | OK | |||
r-release-windows-x86_64 | 0.3.0 | 10.00 | 81.00 | 91.00 | NOTE | |
r-oldrel-macos-arm64 | 0.3.0 | 42.00 | OK | |||
r-oldrel-macos-x86_64 | 0.3.0 | 59.00 | OK | |||
r-oldrel-windows-x86_64 | 0.3.0 | 10.00 | 95.00 | 105.00 | OK |
Version: 0.3.0
Check: Rd cross-references
Result: NOTE
Found the following Rd file(s) with Rd \link{} targets missing package
anchors:
pander.desctable.Rd: pandoc.table
Please provide package anchors for all Rd \link{} targets not in the
package itself and the base packages.
Flavors: r-devel-linux-x86_64-debian-clang, r-devel-linux-x86_64-debian-gcc, r-devel-windows-x86_64, r-patched-linux-x86_64, r-release-linux-x86_64, r-release-windows-x86_64