Last updated on 2025-02-19 09:50:46 CET.
Flavor | Version | Tinstall | Tcheck | Ttotal | Status | Flags |
---|---|---|---|---|---|---|
r-devel-linux-x86_64-debian-clang | 1.4.3 | 4.22 | 30.92 | 35.14 | OK | |
r-devel-linux-x86_64-debian-gcc | 1.4.3 | 3.44 | 23.29 | 26.73 | OK | |
r-devel-linux-x86_64-fedora-clang | 1.4.3 | 56.49 | OK | |||
r-devel-linux-x86_64-fedora-gcc | 1.4.3 | 54.63 | OK | |||
r-devel-macos-arm64 | 1.4.3 | 18.00 | OK | |||
r-devel-macos-x86_64 | 1.4.3 | 40.00 | OK | |||
r-devel-windows-x86_64 | 1.4.3 | 7.00 | 59.00 | 66.00 | OK | |
r-patched-linux-x86_64 | 1.4.3 | 4.52 | 29.13 | 33.65 | OK | |
r-release-linux-x86_64 | 1.4.3 | 3.43 | 29.16 | 32.59 | OK | |
r-release-macos-arm64 | 1.4.3 | 23.00 | OK | |||
r-release-macos-x86_64 | 1.4.3 | 30.00 | OK | |||
r-release-windows-x86_64 | 1.4.3 | 7.00 | 3.00 | 10.00 | FAIL | |
r-oldrel-macos-arm64 | 1.4.3 | 37.00 | OK | |||
r-oldrel-macos-x86_64 | 1.4.3 | 61.00 | OK | |||
r-oldrel-windows-x86_64 | 1.4.3 | 8.00 | 64.00 | 72.00 | OK |
Version: 1.4.3
Check: package dependencies
Result: FAIL
Flavor: r-release-windows-x86_64