Last updated on 2025-02-20 09:50:46 CET.
Flavor | Version | Tinstall | Tcheck | Ttotal | Status | Flags |
---|---|---|---|---|---|---|
r-devel-linux-x86_64-debian-clang | 1.5-0 | 9.74 | 97.78 | 107.52 | NOTE | |
r-devel-linux-x86_64-debian-gcc | 1.5-0 | 6.46 | 65.93 | 72.39 | NOTE | |
r-devel-linux-x86_64-fedora-clang | 1.5-0 | 175.46 | NOTE | |||
r-devel-linux-x86_64-fedora-gcc | 1.5-0 | 183.80 | NOTE | |||
r-devel-macos-arm64 | 1.5-0 | 56.00 | NOTE | |||
r-devel-macos-x86_64 | 1.5-0 | 145.00 | NOTE | |||
r-devel-windows-x86_64 | 1.5-0 | 11.00 | 149.00 | 160.00 | NOTE | |
r-patched-linux-x86_64 | 1.5-0 | 12.38 | 90.32 | 102.70 | NOTE | |
r-release-linux-x86_64 | 1.5-0 | 7.19 | 90.80 | 97.99 | NOTE | |
r-release-macos-arm64 | 1.5-0 | 55.00 | NOTE | |||
r-release-macos-x86_64 | 1.5-0 | 124.00 | NOTE | |||
r-release-windows-x86_64 | 1.5-0 | 11.00 | 144.00 | 155.00 | NOTE | |
r-oldrel-macos-arm64 | 1.5-0 | 68.00 | NOTE | |||
r-oldrel-macos-x86_64 | 1.5-0 | 110.00 | NOTE | |||
r-oldrel-windows-x86_64 | 1.5-0 | 15.00 | 154.00 | 169.00 | NOTE |
Version: 1.5-0
Check: Rd files
Result: NOTE
checkRd: (-1) responses.Rd:68: Lost braces
68 | response. See code{\link{makeDepmix}} for an example of how to use
| ^
Flavors: r-devel-linux-x86_64-debian-clang, r-devel-linux-x86_64-debian-gcc, r-devel-linux-x86_64-fedora-clang, r-devel-linux-x86_64-fedora-gcc, r-devel-macos-arm64, r-devel-macos-x86_64, r-devel-windows-x86_64, r-patched-linux-x86_64, r-release-linux-x86_64, r-release-macos-arm64, r-release-macos-x86_64, r-release-windows-x86_64
Version: 1.5-0
Check: Rd cross-references
Result: NOTE
Found the following Rd file(s) with Rd \link{} targets missing package
anchors:
depmix.fit.Rd: solnp
response-classes.Rd: nnet
vcov.Rd: nlme
Please provide package anchors for all Rd \link{} targets not in the
package itself and the base packages.
Flavors: r-devel-linux-x86_64-debian-clang, r-devel-linux-x86_64-debian-gcc, r-devel-windows-x86_64
Version: 1.5-0
Check: package dependencies
Result: NOTE
Package suggested but not available for checking: ‘Rdonlp2’
Flavors: r-patched-linux-x86_64, r-release-linux-x86_64, r-release-macos-arm64, r-release-macos-x86_64, r-release-windows-x86_64, r-oldrel-macos-arm64, r-oldrel-macos-x86_64, r-oldrel-windows-x86_64