Last updated on 2025-02-19 09:50:46 CET.
Flavor | Version | Tinstall | Tcheck | Ttotal | Status | Flags |
---|---|---|---|---|---|---|
r-devel-linux-x86_64-debian-clang | 0.1.0 | 4.32 | 43.88 | 48.20 | OK | |
r-devel-linux-x86_64-debian-gcc | 0.1.0 | 3.53 | 32.81 | 36.34 | OK | |
r-devel-linux-x86_64-fedora-clang | 0.1.0 | 74.77 | NOTE | |||
r-devel-linux-x86_64-fedora-gcc | 0.1.0 | 84.58 | NOTE | |||
r-devel-macos-arm64 | 0.1.0 | 29.00 | OK | |||
r-devel-macos-x86_64 | 0.1.0 | 62.00 | OK | |||
r-devel-windows-x86_64 | 0.1.0 | 6.00 | 61.00 | 67.00 | OK | |
r-patched-linux-x86_64 | 0.1.0 | 3.80 | 40.64 | 44.44 | OK | |
r-release-linux-x86_64 | 0.1.0 | 3.74 | 40.21 | 43.95 | OK | |
r-release-macos-arm64 | 0.1.0 | 30.00 | OK | |||
r-release-macos-x86_64 | 0.1.0 | 46.00 | OK | |||
r-release-windows-x86_64 | 0.1.0 | 6.00 | 68.00 | 74.00 | OK | |
r-oldrel-macos-arm64 | 0.1.0 | 32.00 | OK | |||
r-oldrel-macos-x86_64 | 0.1.0 | 48.00 | OK | |||
r-oldrel-windows-x86_64 | 0.1.0 | 8.00 | 64.00 | 72.00 | OK |
Version: 0.1.0
Check: dependencies in R code
Result: NOTE
Namespace in Imports field not imported from: ‘knitr’
All declared Imports should be used.
Flavors: r-devel-linux-x86_64-fedora-clang, r-devel-linux-x86_64-fedora-gcc