Last updated on 2025-07-12 09:49:16 CEST.
Flavor | Version | Tinstall | Tcheck | Ttotal | Status | Flags |
---|---|---|---|---|---|---|
r-devel-linux-x86_64-debian-clang | 0.1.1 | 3.28 | 51.36 | 54.64 | OK | |
r-devel-linux-x86_64-debian-gcc | 0.1.1 | 2.50 | 38.64 | 41.14 | WARN | |
r-devel-linux-x86_64-fedora-clang | 0.1.1 | 83.53 | OK | |||
r-devel-linux-x86_64-fedora-gcc | 0.1.1 | 91.48 | OK | |||
r-devel-windows-x86_64 | 0.1.1 | 6.00 | 73.00 | 79.00 | OK | |
r-patched-linux-x86_64 | 0.1.1 | 3.47 | 46.39 | 49.86 | OK | |
r-release-linux-x86_64 | 0.1.1 | 3.06 | 46.51 | 49.57 | OK | |
r-release-macos-arm64 | 0.1.1 | 34.00 | OK | |||
r-release-macos-x86_64 | 0.1.1 | 76.00 | OK | |||
r-release-windows-x86_64 | 0.1.1 | 6.00 | 74.00 | 80.00 | OK | |
r-oldrel-macos-arm64 | 0.1.1 | 38.00 | OK | |||
r-oldrel-macos-x86_64 | 0.1.1 | 90.00 | OK | |||
r-oldrel-windows-x86_64 | 0.1.1 | 7.00 | 84.00 | 91.00 | OK |
Version: 0.1.1
Check: replacement functions
Result: WARN
‘as_eml_list.:.list’ ‘as_eml_list.:.tbl_df’ ‘as_eml_list.:.tbl_lp’
‘as_eml_list.:.xml_document’ ‘as_eml_tibble.:.list’
‘as_eml_tibble.:.tbl_df’ ‘as_eml_tibble.:.tbl_lp’
‘as_eml_tibble.:.xml_document’ ‘as_eml_xml.:.list’
‘as_eml_xml.:.tbl_df’ ‘as_eml_xml.:.tbl_lp’
‘as_eml_xml.:.xml_document’ ‘as_lp_tibble.:.list’
‘as_lp_tibble.:.tbl_df’ ‘as_lp_tibble.:.tbl_lp’
‘as_lp_tibble.:.xml_document’ ‘as_eml_list.:.list’
‘as_eml_list.:.tbl_df’ ‘as_eml_list.:.tbl_lp’
‘as_eml_list.:.xml_document’ ‘as_eml_tibble.:.list’
‘as_eml_tibble.:.tbl_df’ ‘as_eml_tibble.:.tbl_lp’
‘as_eml_tibble.:.xml_document’ ‘as_eml_xml.:.list’
‘as_eml_xml.:.tbl_df’ ‘as_eml_xml.:.tbl_lp’
‘as_eml_xml.:.xml_document’ ‘as_lp_tibble.:.list’
‘as_lp_tibble.:.tbl_df’ ‘as_lp_tibble.:.tbl_lp’
‘as_lp_tibble.:.xml_document’
The argument of a replacement function which corresponds to the right
hand side must be named ‘value’.
Flavor: r-devel-linux-x86_64-debian-gcc