CRAN Package Check Results for Package deductive

Last updated on 2025-02-20 09:50:46 CET.

Flavor Version Tinstall Tcheck Ttotal Status Flags
r-devel-linux-x86_64-debian-clang 1.0.1 4.58 36.95 41.53 OK
r-devel-linux-x86_64-debian-gcc 1.0.1 3.03 27.58 30.61 OK
r-devel-linux-x86_64-fedora-clang 1.0.1 64.56 OK
r-devel-linux-x86_64-fedora-gcc 1.0.1 61.97 OK
r-devel-macos-arm64 1.0.1 22.00 OK
r-devel-macos-x86_64 1.0.1 57.00 OK
r-devel-windows-x86_64 1.0.1 7.00 64.00 71.00 OK
r-patched-linux-x86_64 1.0.1 4.14 34.69 38.83 OK
r-release-linux-x86_64 1.0.1 4.28 34.83 39.11 OK
r-release-macos-arm64 1.0.1 28.00 OK
r-release-macos-x86_64 1.0.1 88.00 OK
r-release-windows-x86_64 1.0.1 7.00 3.00 10.00 FAIL
r-oldrel-macos-arm64 1.0.0 25.00 OK
r-oldrel-macos-x86_64 1.0.1 45.00 OK
r-oldrel-windows-x86_64 1.0.1 6.00 58.00 64.00 OK

Check Details

Version: 1.0.1
Check: package dependencies
Result: FAIL
Flavor: r-release-windows-x86_64