CRAN Package Check Results for Package decp

Last updated on 2025-02-20 09:50:46 CET.

Flavor Version Tinstall Tcheck Ttotal Status Flags
r-devel-linux-x86_64-debian-clang 0.1.2 3.22 28.90 32.12 OK
r-devel-linux-x86_64-debian-gcc 0.1.2 2.33 22.40 24.73 OK
r-devel-linux-x86_64-fedora-clang 0.1.2 50.89 OK
r-devel-linux-x86_64-fedora-gcc 0.1.2 48.36 OK
r-devel-macos-arm64 0.1.2 20.00 OK
r-devel-macos-x86_64 0.1.2 35.00 OK
r-devel-windows-x86_64 0.1.2 5.00 50.00 55.00 OK
r-patched-linux-x86_64 0.1.2 3.22 27.08 30.30 OK
r-release-linux-x86_64 0.1.2 3.17 27.49 30.66 OK
r-release-macos-arm64 0.1.2 21.00 OK
r-release-macos-x86_64 0.1.2 47.00 OK
r-release-windows-x86_64 0.1.2 5.00 3.00 8.00 FAIL
r-oldrel-macos-arm64 0.1.2 26.00 OK
r-oldrel-macos-x86_64 0.1.2 38.00 OK
r-oldrel-windows-x86_64 0.1.2 6.00 60.00 66.00 OK

Check Details

Version: 0.1.2
Check: package dependencies
Result: FAIL
Flavor: r-release-windows-x86_64