Last updated on 2025-02-17 09:49:38 CET.
Flavor | Version | Tinstall | Tcheck | Ttotal | Status | Flags |
---|---|---|---|---|---|---|
r-devel-linux-x86_64-debian-clang | 1.0.0 | 6.05 | 47.13 | 53.18 | OK | |
r-devel-linux-x86_64-debian-gcc | 1.0.0 | 3.54 | 33.65 | 37.19 | OK | |
r-devel-linux-x86_64-fedora-clang | 1.0.0 | 88.26 | NOTE | |||
r-devel-linux-x86_64-fedora-gcc | 1.0.0 | 78.63 | NOTE | |||
r-devel-macos-arm64 | 1.0.0 | 29.00 | OK | |||
r-devel-macos-x86_64 | 1.0.0 | 51.00 | OK | |||
r-devel-windows-x86_64 | 1.0.0 | 7.00 | 68.00 | 75.00 | OK | |
r-patched-linux-x86_64 | 1.0.0 | 5.87 | 44.19 | 50.06 | OK | |
r-release-linux-x86_64 | 1.0.0 | 5.67 | 44.00 | 49.67 | OK | |
r-release-macos-arm64 | 1.0.0 | 28.00 | OK | |||
r-release-macos-x86_64 | 1.0.0 | 43.00 | OK | |||
r-release-windows-x86_64 | 1.0.0 | 8.00 | 75.00 | 83.00 | OK | |
r-oldrel-macos-arm64 | 1.0.0 | 27.00 | OK | |||
r-oldrel-macos-x86_64 | 1.0.0 | 43.00 | OK | |||
r-oldrel-windows-x86_64 | 1.0.0 | 9.00 | 87.00 | 96.00 | OK |
Version: 1.0.0
Check: dependencies in R code
Result: NOTE
Namespaces in Imports field not imported from:
‘knitr’ ‘tidyverse’ ‘vctrs’
All declared Imports should be used.
Flavors: r-devel-linux-x86_64-fedora-clang, r-devel-linux-x86_64-fedora-gcc