Last updated on 2025-02-19 09:50:46 CET.
Flavor | Version | Tinstall | Tcheck | Ttotal | Status | Flags |
---|---|---|---|---|---|---|
r-devel-linux-x86_64-debian-clang | 1.0.0 | 3.44 | 22.98 | 26.42 | NOTE | |
r-devel-linux-x86_64-debian-gcc | 1.0.0 | 2.70 | 18.94 | 21.64 | NOTE | |
r-devel-linux-x86_64-fedora-clang | 1.0.0 | 42.29 | NOTE | |||
r-devel-linux-x86_64-fedora-gcc | 1.0.0 | 54.42 | NOTE | |||
r-devel-macos-arm64 | 1.0.0 | 24.00 | NOTE | |||
r-devel-macos-x86_64 | 1.0.0 | 60.00 | NOTE | |||
r-devel-windows-x86_64 | 1.0.0 | 4.00 | 49.00 | 53.00 | NOTE | |
r-patched-linux-x86_64 | 1.0.0 | 2.93 | 21.99 | 24.92 | NOTE | |
r-release-linux-x86_64 | 1.0.0 | 2.63 | 22.13 | 24.76 | NOTE | |
r-release-macos-arm64 | 1.0.0 | 23.00 | NOTE | |||
r-release-macos-x86_64 | 1.0.0 | 35.00 | NOTE | |||
r-release-windows-x86_64 | 1.0.0 | 4.00 | 52.00 | 56.00 | NOTE | |
r-oldrel-macos-arm64 | 1.0.0 | 26.00 | OK | |||
r-oldrel-macos-x86_64 | 1.0.0 | 33.00 | OK | |||
r-oldrel-windows-x86_64 | 1.0.0 | 5.00 | 79.00 | 84.00 | OK |
Version: 1.0.0
Check: Rd files
Result: NOTE
checkRd: (-1) CI_mc.Rd:10: Lost braces; missing escapes or markup?
10 | \item{i}{the row index of the interest entry X_{i,j}}
| ^
checkRd: (-1) CI_mc.Rd:12: Lost braces; missing escapes or markup?
12 | \item{j}{the row index of the interest entry X_{i,j}}
| ^
Flavors: r-devel-linux-x86_64-debian-clang, r-devel-linux-x86_64-debian-gcc, r-devel-linux-x86_64-fedora-clang, r-devel-linux-x86_64-fedora-gcc, r-devel-macos-arm64, r-devel-macos-x86_64, r-devel-windows-x86_64, r-patched-linux-x86_64, r-release-linux-x86_64, r-release-macos-arm64, r-release-macos-x86_64, r-release-windows-x86_64
Version: 1.0.0
Check: dependencies in R code
Result: NOTE
Namespace in Imports field not imported from: ‘softImpute’
All declared Imports should be used.
Flavors: r-devel-linux-x86_64-fedora-clang, r-devel-linux-x86_64-fedora-gcc