Last updated on 2025-02-19 09:50:46 CET.
Flavor | Version | Tinstall | Tcheck | Ttotal | Status | Flags |
---|---|---|---|---|---|---|
r-devel-linux-x86_64-debian-clang | 1.0.0 | 18.50 | 95.19 | 113.69 | OK | |
r-devel-linux-x86_64-debian-gcc | 1.0.0 | 11.03 | 68.69 | 79.72 | OK | |
r-devel-linux-x86_64-fedora-clang | 1.0.0 | 183.10 | OK | |||
r-devel-linux-x86_64-fedora-gcc | 1.0.0 | 166.54 | OK | |||
r-devel-macos-arm64 | 1.0.0 | 58.00 | OK | |||
r-devel-macos-x86_64 | 1.0.0 | 91.00 | OK | |||
r-devel-windows-x86_64 | 1.0.0 | 17.00 | 107.00 | 124.00 | OK | |
r-patched-linux-x86_64 | 1.0.0 | 17.35 | 87.61 | 104.96 | OK | |
r-release-linux-x86_64 | 1.0.0 | 16.95 | 88.21 | 105.16 | OK | |
r-release-macos-arm64 | 1.0.0 | 54.00 | OK | |||
r-release-macos-x86_64 | 1.0.0 | 81.00 | OK | |||
r-release-windows-x86_64 | 1.0.0 | 18.00 | 3.00 | 21.00 | FAIL | |
r-oldrel-macos-arm64 | 1.0.0 | 58.00 | OK | |||
r-oldrel-macos-x86_64 | 1.0.0 | 92.00 | OK | |||
r-oldrel-windows-x86_64 | 1.0.0 | 25.00 | 148.00 | 173.00 | OK |
Version: 1.0.0
Check: package dependencies
Result: FAIL
Flavor: r-release-windows-x86_64