Last updated on 2025-02-19 09:50:46 CET.
Flavor | Version | Tinstall | Tcheck | Ttotal | Status | Flags |
---|---|---|---|---|---|---|
r-devel-linux-x86_64-debian-clang | 1.5.2 | 2.06 | 22.26 | 24.32 | OK | |
r-devel-linux-x86_64-debian-gcc | 1.5.2 | 1.63 | 18.17 | 19.80 | OK | |
r-devel-linux-x86_64-fedora-clang | 1.5.2 | 41.47 | OK | |||
r-devel-linux-x86_64-fedora-gcc | 1.5.2 | 36.45 | OK | |||
r-devel-macos-arm64 | 1.5.2 | 19.00 | OK | |||
r-devel-macos-x86_64 | 1.5.2 | 29.00 | OK | |||
r-devel-windows-x86_64 | 1.5.2 | 4.00 | 49.00 | 53.00 | OK | |
r-patched-linux-x86_64 | 1.5.2 | 1.94 | 21.04 | 22.98 | OK | |
r-release-linux-x86_64 | 1.5.2 | 1.87 | 21.09 | 22.96 | OK | |
r-release-macos-arm64 | 1.5.2 | 18.00 | OK | |||
r-release-macos-x86_64 | 1.5.2 | 27.00 | OK | |||
r-release-windows-x86_64 | 1.5.2 | 4.00 | 3.00 | 7.00 | FAIL | |
r-oldrel-macos-arm64 | 1.5.2 | 21.00 | OK | |||
r-oldrel-macos-x86_64 | 1.5.2 | 28.00 | OK | |||
r-oldrel-windows-x86_64 | 1.5.2 | 5.00 | 69.00 | 74.00 | OK |
Version: 1.5.2
Check: package dependencies
Result: FAIL
Flavor: r-release-windows-x86_64