Last updated on 2025-02-20 09:50:46 CET.
Flavor | Version | Tinstall | Tcheck | Ttotal | Status | Flags |
---|---|---|---|---|---|---|
r-devel-linux-x86_64-debian-clang | 1.0-5 | 24.21 | 56.21 | 80.42 | OK | |
r-devel-linux-x86_64-debian-gcc | 1.0-5 | 17.41 | 41.31 | 58.72 | OK | |
r-devel-linux-x86_64-fedora-clang | 1.0-5 | 137.04 | OK | |||
r-devel-linux-x86_64-fedora-gcc | 1.0-5 | 140.48 | OK | |||
r-devel-macos-arm64 | 1.0-5 | 48.00 | OK | |||
r-devel-macos-x86_64 | 1.0-5 | 88.00 | OK | |||
r-devel-windows-x86_64 | 1.0-5 | 27.00 | 90.00 | 117.00 | OK | |
r-patched-linux-x86_64 | 1.0-5 | 23.69 | 54.40 | 78.09 | OK | |
r-release-linux-x86_64 | 1.0-5 | 23.82 | 53.43 | 77.25 | OK | |
r-release-macos-arm64 | 1.0-5 | 51.00 | OK | |||
r-release-macos-x86_64 | 1.0-5 | 72.00 | OK | |||
r-release-windows-x86_64 | 1.0-5 | 28.00 | 3.00 | 31.00 | FAIL | |
r-oldrel-macos-arm64 | 1.0-5 | 55.00 | OK | |||
r-oldrel-macos-x86_64 | 1.0-5 | 84.00 | OK | |||
r-oldrel-windows-x86_64 | 1.0-5 | 36.00 | 97.00 | 133.00 | OK |
Version: 1.0-5
Check: package dependencies
Result: FAIL
Flavor: r-release-windows-x86_64