Last updated on 2025-02-20 09:50:46 CET.
Flavor | Version | Tinstall | Tcheck | Ttotal | Status | Flags |
---|---|---|---|---|---|---|
r-devel-linux-x86_64-debian-clang | 0.1-4 | 12.01 | 67.37 | 79.38 | OK | |
r-devel-linux-x86_64-debian-gcc | 0.1-4 | 8.00 | 47.09 | 55.09 | OK | |
r-devel-linux-x86_64-fedora-clang | 0.1-4 | 125.21 | OK | |||
r-devel-linux-x86_64-fedora-gcc | 0.1-4 | 130.44 | OK | |||
r-devel-macos-arm64 | 0.1-4 | 44.00 | OK | |||
r-devel-macos-x86_64 | 0.1-4 | 84.00 | OK | |||
r-devel-windows-x86_64 | 0.1-4 | 24.00 | 106.00 | 130.00 | OK | |
r-patched-linux-x86_64 | 0.1-4 | 9.81 | 62.27 | 72.08 | OK | |
r-release-linux-x86_64 | 0.1-4 | 10.17 | 61.38 | 71.55 | OK | |
r-release-macos-arm64 | 0.1-4 | 45.00 | NOTE | |||
r-release-macos-x86_64 | 0.1-4 | 67.00 | NOTE | |||
r-release-windows-x86_64 | 0.1-4 | 24.00 | 3.00 | 27.00 | FAIL | |
r-oldrel-macos-arm64 | 0.1-4 | 50.00 | NOTE | |||
r-oldrel-macos-x86_64 | 0.1-4 | 74.00 | NOTE | |||
r-oldrel-windows-x86_64 | 0.1-4 | 28.00 | 145.00 | 173.00 | OK |
Version: 0.1-4
Check: package dependencies
Result: NOTE
Package which this enhances but not available for checking: ‘pbdMPI’
Flavors: r-release-macos-arm64, r-release-macos-x86_64, r-oldrel-macos-arm64, r-oldrel-macos-x86_64
Version: 0.1-4
Check: package dependencies
Result: FAIL
Flavor: r-release-windows-x86_64