Last updated on 2025-02-19 09:50:45 CET.
Flavor | Version | Tinstall | Tcheck | Ttotal | Status | Flags |
---|---|---|---|---|---|---|
r-devel-linux-x86_64-debian-clang | 1.0.1 | 33.37 | 437.08 | 470.45 | NOTE | |
r-devel-linux-x86_64-debian-gcc | 1.0.1 | 19.17 | 273.72 | 292.89 | NOTE | |
r-devel-linux-x86_64-fedora-clang | 1.0.1 | 737.97 | OK | |||
r-devel-linux-x86_64-fedora-gcc | 1.0.1 | 729.61 | OK | |||
r-devel-macos-arm64 | 1.0.1 | 5.00 | ERROR | |||
r-devel-macos-x86_64 | 1.0.1 | 509.00 | OK | |||
r-devel-windows-x86_64 | 1.0.1 | 86.00 | 536.00 | 622.00 | NOTE | |
r-patched-linux-x86_64 | 1.0.1 | 27.77 | 412.74 | 440.51 | OK | |
r-release-linux-x86_64 | 1.0.1 | 29.18 | 408.83 | 438.01 | OK | |
r-release-macos-arm64 | 1.0.1 | 189.00 | OK | |||
r-release-macos-x86_64 | 1.0.1 | 344.00 | OK | |||
r-release-windows-x86_64 | 1.0.1 | 101.00 | 517.00 | 618.00 | OK | |
r-oldrel-macos-arm64 | 1.0.1 | 209.00 | OK | |||
r-oldrel-macos-x86_64 | 1.0.1 | 6.00 | ERROR | |||
r-oldrel-windows-x86_64 | 1.0.1 | 123.00 | 592.00 | 715.00 | OK |
Version: 1.0.1
Check: Rd cross-references
Result: NOTE
Found the following Rd file(s) with Rd \link{} targets missing package
anchors:
ctpm.fit.Rd: slouch, plot.variogram
variogram.Rd: plot.variogram
Please provide package anchors for all Rd \link{} targets not in the
package itself and the base packages.
Flavors: r-devel-linux-x86_64-debian-clang, r-devel-linux-x86_64-debian-gcc, r-devel-windows-x86_64
Version: 1.0.1
Check: package dependencies
Result: ERROR
Package required but not available: ‘ctmm’
See section ‘The DESCRIPTION file’ in the ‘Writing R Extensions’
manual.
Flavors: r-devel-macos-arm64, r-oldrel-macos-x86_64