Last updated on 2025-02-17 09:49:38 CET.
Flavor | Version | Tinstall | Tcheck | Ttotal | Status | Flags |
---|---|---|---|---|---|---|
r-devel-linux-x86_64-debian-clang | 0.5.1 | 24.02 | 128.95 | 152.97 | NOTE | |
r-devel-linux-x86_64-debian-gcc | 0.5.1 | 14.21 | 84.23 | 98.44 | NOTE | |
r-devel-linux-x86_64-fedora-clang | 0.5.1 | 264.25 | NOTE | |||
r-devel-linux-x86_64-fedora-gcc | 0.5.1 | 243.68 | NOTE | |||
r-devel-macos-arm64 | 0.5.1 | 70.00 | NOTE | |||
r-devel-macos-x86_64 | 0.5.1 | 152.00 | NOTE | |||
r-devel-windows-x86_64 | 0.5.1 | 24.00 | 137.00 | 161.00 | NOTE | |
r-patched-linux-x86_64 | 0.5.1 | 23.16 | 119.88 | 143.04 | NOTE | |
r-release-linux-x86_64 | 0.5.1 | 19.57 | 119.57 | 139.14 | NOTE | |
r-release-macos-arm64 | 0.5.1 | 66.00 | NOTE | |||
r-release-macos-x86_64 | 0.5.1 | 109.00 | NOTE | |||
r-release-windows-x86_64 | 0.5.1 | 25.00 | 137.00 | 162.00 | NOTE | |
r-oldrel-macos-arm64 | 0.5.1 | 70.00 | OK | |||
r-oldrel-macos-x86_64 | 0.5.1 | 129.00 | OK | |||
r-oldrel-windows-x86_64 | 0.5.1 | 31.00 | 160.00 | 191.00 | OK |
Version: 0.5.1
Check: Rd files
Result: NOTE
checkRd: (-1) calculate_cell_volume.Rd:16: Lost braces; missing escapes or markup?
16 | V A real number. The volume (in angstroms^3 or angstroms^{-3})
| ^
Flavors: r-devel-linux-x86_64-debian-clang, r-devel-linux-x86_64-debian-gcc, r-devel-linux-x86_64-fedora-clang, r-devel-linux-x86_64-fedora-gcc, r-devel-macos-arm64, r-devel-macos-x86_64, r-devel-windows-x86_64, r-patched-linux-x86_64, r-release-linux-x86_64, r-release-macos-arm64, r-release-macos-x86_64, r-release-windows-x86_64