CRAN Package Check Results for Package crossword.r

Last updated on 2025-02-19 09:50:45 CET.

Flavor Version Tinstall Tcheck Ttotal Status Flags
r-devel-linux-x86_64-debian-clang 0.3.6 2.75 20.81 23.56 NOTE
r-devel-linux-x86_64-debian-gcc 0.3.6 1.98 16.85 18.83 NOTE
r-devel-linux-x86_64-fedora-clang 0.3.6 38.12 NOTE
r-devel-linux-x86_64-fedora-gcc 0.3.6 35.92 NOTE
r-devel-macos-arm64 0.3.6 19.00 OK
r-devel-macos-x86_64 0.3.6 27.00 OK
r-devel-windows-x86_64 0.3.6 4.00 44.00 48.00 NOTE
r-patched-linux-x86_64 0.3.6 7.31 20.10 27.41 NOTE
r-release-linux-x86_64 0.3.6 2.64 20.05 22.69 NOTE
r-release-macos-arm64 0.3.6 19.00 NOTE
r-release-macos-x86_64 0.3.6 24.00 NOTE
r-release-windows-x86_64 0.3.6 4.00 3.00 7.00 FAIL
r-oldrel-macos-arm64 0.3.6 18.00 NOTE
r-oldrel-macos-x86_64 0.3.6 24.00 NOTE
r-oldrel-windows-x86_64 0.3.6 5.00 44.00 49.00 NOTE

Check Details

Version: 0.3.6
Check: Rd cross-references
Result: NOTE Found the following Rd file(s) with Rd \link{} targets missing package anchors: Crossword.Rd: R6Class Please provide package anchors for all Rd \link{} targets not in the package itself and the base packages. Flavors: r-devel-linux-x86_64-debian-clang, r-devel-linux-x86_64-debian-gcc, r-devel-windows-x86_64

Version: 0.3.6
Check: dependencies in R code
Result: NOTE Namespaces in Imports field not imported from: ‘R6’ ‘dplyr’ ‘r6extended’ All declared Imports should be used. Flavors: r-devel-linux-x86_64-fedora-clang, r-devel-linux-x86_64-fedora-gcc

Version: 0.3.6
Check: LazyData
Result: NOTE 'LazyData' is specified without a 'data' directory Flavors: r-patched-linux-x86_64, r-release-linux-x86_64, r-release-macos-arm64, r-release-macos-x86_64, r-oldrel-macos-arm64, r-oldrel-macos-x86_64, r-oldrel-windows-x86_64

Version: 0.3.6
Check: package dependencies
Result: FAIL
Flavor: r-release-windows-x86_64