CRAN Package Check Results for Package crossvalidationCP

Last updated on 2025-02-20 09:50:46 CET.

Flavor Version Tinstall Tcheck Ttotal Status Flags
r-devel-linux-x86_64-debian-clang 1.1 2.07 26.47 28.54 OK
r-devel-linux-x86_64-debian-gcc 1.1 1.31 20.26 21.57 OK
r-devel-linux-x86_64-fedora-clang 1.1 46.00 OK
r-devel-linux-x86_64-fedora-gcc 1.1 42.92 OK
r-devel-macos-arm64 1.1 19.00 OK
r-devel-macos-x86_64 1.1 32.00 OK
r-devel-windows-x86_64 1.1 3.00 54.00 57.00 OK
r-patched-linux-x86_64 1.1 2.28 24.92 27.20 OK
r-release-linux-x86_64 1.1 2.16 25.07 27.23 OK
r-release-macos-arm64 1.1 20.00 OK
r-release-macos-x86_64 1.1 27.00 OK
r-release-windows-x86_64 1.1 3.00 3.00 6.00 FAIL
r-oldrel-macos-arm64 1.1 19.00 OK
r-oldrel-macos-x86_64 1.1 44.00 OK
r-oldrel-windows-x86_64 1.1 5.00 54.00 59.00 OK

Check Details

Version: 1.1
Check: package dependencies
Result: FAIL
Flavor: r-release-windows-x86_64