Last updated on 2025-02-19 09:50:45 CET.
Flavor | Version | Tinstall | Tcheck | Ttotal | Status | Flags |
---|---|---|---|---|---|---|
r-devel-linux-x86_64-debian-clang | 0.2.1 | 6.00 | 61.86 | 67.86 | NOTE | |
r-devel-linux-x86_64-debian-gcc | 0.2.1 | 4.07 | 44.32 | 48.39 | NOTE | |
r-devel-linux-x86_64-fedora-clang | 0.2.1 | 108.03 | OK | |||
r-devel-linux-x86_64-fedora-gcc | 0.2.1 | 112.23 | OK | |||
r-devel-macos-arm64 | 0.2.1 | 40.00 | OK | |||
r-devel-macos-x86_64 | 0.2.1 | 82.00 | OK | |||
r-devel-windows-x86_64 | 0.2.1 | 8.00 | 77.00 | 85.00 | NOTE | |
r-patched-linux-x86_64 | 0.2.1 | 10.08 | 57.10 | 67.18 | OK | |
r-release-linux-x86_64 | 0.2.1 | 4.54 | 56.42 | 60.96 | OK | |
r-release-macos-arm64 | 0.2.1 | 38.00 | OK | |||
r-release-macos-x86_64 | 0.2.1 | 59.00 | OK | |||
r-release-windows-x86_64 | 0.2.1 | 7.00 | 77.00 | 84.00 | OK | |
r-oldrel-macos-arm64 | 0.2.1 | 50.00 | OK | |||
r-oldrel-macos-x86_64 | 0.2.1 | 88.00 | OK | |||
r-oldrel-windows-x86_64 | 0.2.1 | 9.00 | 81.00 | 90.00 | OK |
Version: 0.2.1
Check: Rd cross-references
Result: NOTE
Found the following Rd file(s) with Rd \link{} targets missing package
anchors:
get_multi_silodata.Rd: tibble
Please provide package anchors for all Rd \link{} targets not in the
package itself and the base packages.
Flavors: r-devel-linux-x86_64-debian-clang, r-devel-linux-x86_64-debian-gcc, r-devel-windows-x86_64