Last updated on 2025-02-19 09:50:45 CET.
Flavor | Version | Tinstall | Tcheck | Ttotal | Status | Flags |
---|---|---|---|---|---|---|
r-devel-linux-x86_64-debian-clang | 1.0.3 | 23.06 | 201.75 | 224.81 | OK | |
r-devel-linux-x86_64-debian-gcc | 1.0.3 | 14.84 | 124.65 | 139.49 | OK | |
r-devel-linux-x86_64-fedora-clang | 1.0.3 | 365.97 | OK | |||
r-devel-linux-x86_64-fedora-gcc | 1.0.3 | 340.18 | OK | |||
r-devel-macos-arm64 | 1.0.3 | 74.00 | OK | |||
r-devel-macos-x86_64 | 1.0.3 | 177.00 | OK | |||
r-devel-windows-x86_64 | 1.0.3 | 22.00 | 162.00 | 184.00 | OK | |
r-patched-linux-x86_64 | 1.0.3 | 23.14 | 184.10 | 207.24 | OK | |
r-release-linux-x86_64 | 1.0.3 | 19.40 | 184.37 | 203.77 | OK | |
r-release-macos-arm64 | 1.0.3 | 75.00 | OK | |||
r-release-macos-x86_64 | 1.0.3 | 121.00 | OK | |||
r-release-windows-x86_64 | 1.0.3 | 22.00 | 3.00 | 25.00 | FAIL | |
r-oldrel-macos-arm64 | 1.0.3 | 75.00 | OK | |||
r-oldrel-macos-x86_64 | 1.0.3 | 183.00 | OK | |||
r-oldrel-windows-x86_64 | 1.0.3 | 31.00 | 217.00 | 248.00 | OK |
Version: 1.0.3
Check: package dependencies
Result: FAIL
Flavor: r-release-windows-x86_64