CRAN Package Check Results for Package cragg

Last updated on 2025-07-12 09:49:15 CEST.

Flavor Version Tinstall Tcheck Ttotal Status Flags
r-devel-linux-x86_64-debian-clang 0.0.1 1.67 30.34 32.01 OK
r-devel-linux-x86_64-debian-gcc 0.0.1 1.36 24.42 25.78 OK
r-devel-linux-x86_64-fedora-clang 0.0.1 48.30 OK
r-devel-linux-x86_64-fedora-gcc 0.0.1 55.85 OK
r-devel-windows-x86_64 0.0.1 3.00 50.00 53.00 OK
r-patched-linux-x86_64 0.0.1 1.57 27.96 29.53 OK
r-release-linux-x86_64 0.0.1 1.69 28.22 29.91 OK
r-release-macos-arm64 0.0.1 36.00 OK
r-release-macos-x86_64 0.0.1 46.00 OK
r-release-windows-x86_64 0.0.1 3.00 51.00 54.00 OK
r-oldrel-macos-arm64 0.0.1 28.00 NOTE
r-oldrel-macos-x86_64 0.0.1 36.00 NOTE
r-oldrel-windows-x86_64 0.0.1 4.00 58.00 62.00 NOTE

Check Details

Version: 0.0.1
Check: LazyData
Result: NOTE 'LazyData' is specified without a 'data' directory Flavors: r-oldrel-macos-arm64, r-oldrel-macos-x86_64, r-oldrel-windows-x86_64