Last updated on 2025-02-20 09:50:46 CET.
Flavor | Version | Tinstall | Tcheck | Ttotal | Status | Flags |
---|---|---|---|---|---|---|
r-devel-linux-x86_64-debian-clang | 1.0.2 | 5.08 | 39.32 | 44.40 | OK | |
r-devel-linux-x86_64-debian-gcc | 1.0.2 | 3.33 | 29.52 | 32.85 | OK | |
r-devel-linux-x86_64-fedora-clang | 1.0.2 | 72.02 | OK | |||
r-devel-linux-x86_64-fedora-gcc | 1.0.2 | 66.42 | OK | |||
r-devel-macos-arm64 | 1.0.2 | 26.00 | OK | |||
r-devel-macos-x86_64 | 1.0.2 | 40.00 | OK | |||
r-devel-windows-x86_64 | 1.0.2 | 7.00 | 59.00 | 66.00 | OK | |
r-patched-linux-x86_64 | 1.0.2 | 5.14 | 37.28 | 42.42 | OK | |
r-release-linux-x86_64 | 1.0.2 | 4.71 | 36.37 | 41.08 | OK | |
r-release-macos-arm64 | 1.0.2 | 25.00 | OK | |||
r-release-macos-x86_64 | 1.0.2 | 35.00 | OK | |||
r-release-windows-x86_64 | 1.0.2 | 7.00 | 3.00 | 10.00 | FAIL | |
r-oldrel-macos-arm64 | 1.0.2 | 25.00 | OK | |||
r-oldrel-macos-x86_64 | 1.0.2 | 36.00 | OK | |||
r-oldrel-windows-x86_64 | 1.0.2 | 8.00 | 65.00 | 73.00 | OK |
Version: 1.0.2
Check: package dependencies
Result: FAIL
Flavor: r-release-windows-x86_64