Last updated on 2025-02-19 09:50:45 CET.
Flavor | Version | Tinstall | Tcheck | Ttotal | Status | Flags |
---|---|---|---|---|---|---|
r-devel-linux-x86_64-debian-clang | 0.1.0 | 2.32 | 30.46 | 32.78 | OK | |
r-devel-linux-x86_64-debian-gcc | 0.1.0 | 2.00 | 23.99 | 25.99 | OK | |
r-devel-linux-x86_64-fedora-clang | 0.1.0 | 53.26 | OK | |||
r-devel-linux-x86_64-fedora-gcc | 0.1.0 | 51.60 | OK | |||
r-devel-macos-arm64 | 0.1.0 | 23.00 | OK | |||
r-devel-macos-x86_64 | 0.1.0 | 35.00 | OK | |||
r-devel-windows-x86_64 | 0.1.0 | 4.00 | 51.00 | 55.00 | OK | |
r-patched-linux-x86_64 | 0.1.0 | 2.66 | 28.78 | 31.44 | OK | |
r-release-linux-x86_64 | 0.1.0 | 2.36 | 28.88 | 31.24 | OK | |
r-release-macos-arm64 | 0.1.0 | 21.00 | OK | |||
r-release-macos-x86_64 | 0.1.0 | 34.00 | OK | |||
r-release-windows-x86_64 | 0.1.0 | 4.00 | 3.00 | 7.00 | FAIL | |
r-oldrel-macos-arm64 | 0.1.0 | 30.00 | OK | |||
r-oldrel-macos-x86_64 | 0.1.0 | 34.00 | OK | |||
r-oldrel-windows-x86_64 | 0.1.0 | 4.00 | 50.00 | 54.00 | OK |
Version: 0.1.0
Check: package dependencies
Result: FAIL
Flavor: r-release-windows-x86_64