Last updated on 2025-02-19 09:50:45 CET.
Flavor | Version | Tinstall | Tcheck | Ttotal | Status | Flags |
---|---|---|---|---|---|---|
r-devel-linux-x86_64-debian-clang | 2.3 | 27.10 | 26.21 | 53.31 | OK | |
r-devel-linux-x86_64-debian-gcc | 2.3 | 66.60 | 20.67 | 87.27 | OK | |
r-devel-linux-x86_64-fedora-clang | 2.3 | 124.70 | NOTE | |||
r-devel-linux-x86_64-fedora-gcc | 2.3 | 234.68 | NOTE | |||
r-devel-macos-arm64 | 2.3 | 35.00 | OK | |||
r-devel-macos-x86_64 | 2.3 | 49.00 | OK | |||
r-devel-windows-x86_64 | 2.3 | 69.00 | 56.00 | 125.00 | OK | |
r-patched-linux-x86_64 | 2.3 | 107.61 | 24.88 | 132.49 | OK | |
r-release-linux-x86_64 | 2.3 | 113.83 | 24.97 | 138.80 | OK | |
r-release-macos-arm64 | 2.3 | 30.00 | OK | |||
r-release-macos-x86_64 | 2.3 | 48.00 | OK | |||
r-release-windows-x86_64 | 2.3 | 75.00 | 58.00 | 133.00 | OK | |
r-oldrel-macos-arm64 | 2.3 | 34.00 | OK | |||
r-oldrel-macos-x86_64 | 2.3 | 63.00 | OK | |||
r-oldrel-windows-x86_64 | 2.3 | 71.00 | 60.00 | 131.00 | OK |
Version: 2.3
Check: compiled code
Result: NOTE
File ‘cpm/libs/cpm.so’:
Found no calls to: ‘R_registerRoutines’, ‘R_useDynamicSymbols’
It is good practice to register native routines and to disable symbol
search.
See ‘Writing portable packages’ in the ‘Writing R Extensions’ manual.
Flavors: r-devel-linux-x86_64-fedora-clang, r-devel-linux-x86_64-fedora-gcc