Last updated on 2025-02-19 09:50:45 CET.
Flavor | Version | Tinstall | Tcheck | Ttotal | Status | Flags |
---|---|---|---|---|---|---|
r-devel-linux-x86_64-debian-clang | 1.2.4 | 6.44 | 51.55 | 57.99 | OK | |
r-devel-linux-x86_64-debian-gcc | 1.2.4 | 4.09 | 37.62 | 41.71 | OK | |
r-devel-linux-x86_64-fedora-clang | 1.2.4 | 93.14 | NOTE | |||
r-devel-linux-x86_64-fedora-gcc | 1.2.4 | 101.74 | NOTE | |||
r-devel-macos-arm64 | 1.2.4 | 41.00 | OK | |||
r-devel-macos-x86_64 | 1.2.4 | 77.00 | OK | |||
r-devel-windows-x86_64 | 1.2.4 | 8.00 | 74.00 | 82.00 | OK | |
r-patched-linux-x86_64 | 1.2.4 | 5.75 | 48.79 | 54.54 | OK | |
r-release-linux-x86_64 | 1.2.4 | 5.93 | 48.41 | 54.34 | OK | |
r-release-macos-arm64 | 1.2.4 | 37.00 | OK | |||
r-release-macos-x86_64 | 1.2.4 | 62.00 | OK | |||
r-release-windows-x86_64 | 1.2.4 | 8.00 | 75.00 | 83.00 | OK | |
r-oldrel-macos-arm64 | 1.2.4 | 41.00 | OK | |||
r-oldrel-macos-x86_64 | 1.2.4 | 66.00 | OK | |||
r-oldrel-windows-x86_64 | 1.2.4 | 10.00 | 107.00 | 117.00 | OK |
Version: 1.2.4
Check: dependencies in R code
Result: NOTE
Namespaces in Imports field not imported from:
‘knitr’ ‘rmarkdown’
All declared Imports should be used.
Flavors: r-devel-linux-x86_64-fedora-clang, r-devel-linux-x86_64-fedora-gcc