Last updated on 2025-02-19 09:50:45 CET.
Flavor | Version | Tinstall | Tcheck | Ttotal | Status | Flags |
---|---|---|---|---|---|---|
r-devel-linux-x86_64-debian-clang | 0.0.1 | 3.81 | 34.07 | 37.88 | OK | |
r-devel-linux-x86_64-debian-gcc | 0.0.1 | 2.57 | 25.14 | 27.71 | OK | |
r-devel-linux-x86_64-fedora-clang | 0.0.1 | 60.87 | OK | |||
r-devel-linux-x86_64-fedora-gcc | 0.0.1 | 57.14 | OK | |||
r-devel-macos-arm64 | 0.0.1 | 22.00 | OK | |||
r-devel-macos-x86_64 | 0.0.1 | 36.00 | OK | |||
r-devel-windows-x86_64 | 0.0.1 | 3.00 | 54.00 | 57.00 | OK | |
r-patched-linux-x86_64 | 0.0.1 | 3.57 | 31.59 | 35.16 | NOTE | |
r-release-linux-x86_64 | 0.0.1 | 3.16 | 31.95 | 35.11 | NOTE | |
r-release-macos-arm64 | 0.0.1 | 21.00 | NOTE | |||
r-release-macos-x86_64 | 0.0.1 | 32.00 | NOTE | |||
r-release-windows-x86_64 | 0.0.1 | 4.00 | 56.00 | 60.00 | NOTE | |
r-oldrel-macos-arm64 | 0.0.1 | 22.00 | NOTE | |||
r-oldrel-macos-x86_64 | 0.0.1 | 33.00 | NOTE | |||
r-oldrel-windows-x86_64 | 0.0.1 | 5.00 | 52.00 | 57.00 | NOTE |
Version: 0.0.1
Check: LazyData
Result: NOTE
'LazyData' is specified without a 'data' directory
Flavors: r-patched-linux-x86_64, r-release-linux-x86_64, r-release-macos-arm64, r-release-macos-x86_64, r-release-windows-x86_64, r-oldrel-macos-arm64, r-oldrel-macos-x86_64, r-oldrel-windows-x86_64