CRAN Package Check Results for Package controlfunctionIV

Last updated on 2025-02-19 09:50:45 CET.

Flavor Version Tinstall Tcheck Ttotal Status Flags
r-devel-linux-x86_64-debian-clang 0.1.1 12.40 82.84 95.24 OK
r-devel-linux-x86_64-debian-gcc 0.1.1 9.86 63.60 73.46 OK
r-devel-linux-x86_64-fedora-clang 0.1.1 167.55 OK
r-devel-linux-x86_64-fedora-gcc 0.1.1 155.31 OK
r-devel-macos-arm64 0.1.1 75.00 OK
r-devel-macos-x86_64 0.1.1 86.00 OK
r-devel-windows-x86_64 0.1.1 11.00 87.00 98.00 OK
r-patched-linux-x86_64 0.1.1 11.94 79.72 91.66 OK
r-release-linux-x86_64 0.1.1 10.63 79.33 89.96 OK
r-release-macos-arm64 0.1.1 69.00 OK
r-release-macos-x86_64 0.1.1 70.00 OK
r-release-windows-x86_64 0.1.1 11.00 3.00 14.00 FAIL
r-oldrel-macos-arm64 0.1.1 46.00 OK
r-oldrel-macos-x86_64 0.1.1 77.00 OK
r-oldrel-windows-x86_64 0.1.1 14.00 102.00 116.00 OK

Check Details

Version: 0.1.1
Check: package dependencies
Result: FAIL
Flavor: r-release-windows-x86_64