CRAN Package Check Results for Package connections

Last updated on 2025-02-20 09:50:45 CET.

Flavor Version Tinstall Tcheck Ttotal Status Flags
r-devel-linux-x86_64-debian-clang 0.2.0 4.69 44.20 48.89 NOTE
r-devel-linux-x86_64-debian-gcc 0.2.0 4.15 33.00 37.15 NOTE
r-devel-linux-x86_64-fedora-clang 0.2.0 81.13 OK
r-devel-linux-x86_64-fedora-gcc 0.2.0 75.05 OK
r-devel-macos-arm64 0.2.0 27.00 OK
r-devel-macos-x86_64 0.2.0 51.00 OK
r-devel-windows-x86_64 0.2.0 7.00 62.00 69.00 NOTE
r-patched-linux-x86_64 0.2.0 10.83 40.66 51.49 OK
r-release-linux-x86_64 0.2.0 4.54 40.71 45.25 OK
r-release-macos-arm64 0.2.0 25.00 OK
r-release-macos-x86_64 0.2.0 38.00 OK
r-release-windows-x86_64 0.2.0 6.00 3.00 9.00 FAIL
r-oldrel-macos-arm64 0.2.0 33.00 OK
r-oldrel-macos-x86_64 0.2.0 46.00 OK
r-oldrel-windows-x86_64 0.2.0 8.00 73.00 81.00 OK

Check Details

Version: 0.2.0
Check: Rd cross-references
Result: NOTE Found the following Rd file(s) with Rd \link{} targets missing package anchors: DBI.Rd: DBIConnection-class Please provide package anchors for all Rd \link{} targets not in the package itself and the base packages. Flavors: r-devel-linux-x86_64-debian-clang, r-devel-linux-x86_64-debian-gcc, r-devel-windows-x86_64

Version: 0.2.0
Check: package dependencies
Result: FAIL
Flavor: r-release-windows-x86_64